{"id":2665,"date":"2024-01-23T08:54:43","date_gmt":"2024-01-23T07:54:43","guid":{"rendered":"https:\/\/klimapaktfirbetriber.lu\/cas-pratiques\/chauffage-de-la-piscine-par-des-collecteurs-solaires-combines-a-une-pompe-a-chaleur-industrielle-au-camping-nommerlayen\/"},"modified":"2024-06-20T15:53:08","modified_gmt":"2024-06-20T13:53:08","slug":"heizung-mittels-pv-und-warmepumpe-nommerlayen","status":"publish","type":"cas-pratiques","link":"https:\/\/www.klimapaktfirbetriber.lu\/de\/praxisbeispiele\/heizung-mittels-pv-und-warmepumpe-nommerlayen\/","title":{"rendered":"Beheizen des Schwimmbads durch Solarkollektoren, kombiniert mit einer industriellen W\u00e4rmepumpe beim Camping \u201eNommerlayen\u201c"},"content":{"rendered":"\n<h2 class=\"wp-block-heading\">Profil des Unternehmens<\/h2>\n\n\n\n<p>Der Europacamping Nommerlayen liegt in der Gemeinde Nommern und verf\u00fcgt \u00fcber 380 Stellpl\u00e4tze f\u00fcr Wohnwagen sowie 22 feste Unterk\u00fcnfte (Mobilheime, Cottages und Chalets). F\u00fcr die Campingplatzbetreiber spielt Nachhaltigkeit eine wesentliche Rolle bei der Entwicklung ihres Unternehmens.<\/p>\n\n\n\n<p>Der Campingplatz verf\u00fcgt \u00fcber zahlreiche Unterhaltungs- und Sportaktivit\u00e4ten innerhalb der Anlage. Dazu geh\u00f6rt auch das Schwimmbad, das sich im Zentrum des Campingplatzes befindet. Dieser Bereich besteht aus einem Hallenbad und einem Freibad.<\/p>\n\n\n\n<div class=\"wp-block-group etape\"><div class=\"wp-block-group__inner-container is-layout-flow wp-block-group-is-layout-flow\">\n<h2 class=\"wp-block-heading special\" id=\"idee\">Idee<\/h2>\n\n\n\n<h3 class=\"wp-block-heading\">Swimmingpool beheizt durch eine Kombination aus Solarkollektoren und einer industriellen W\u00e4rmepumpe<\/h3>\n\n\n\n<p>Seit der Inbetriebnahme des Schwimmbads wird die Heizung durch thermische Solarkollektoren gew\u00e4hrleistet, wenn das Wetter es zul\u00e4sst. Die Campingplatzbetreiber sind bis heute sehr zufrieden mit dieser Art der Beheizung.<\/p>\n\n\n\n<p>Aus diesem Grund wurde vor einigen Jahren eine zweite Generation von Sonnenkollektoren installiert. Die Funktionsweise ist recht einfach: Das Wasser aus dem Pool wird durch die Kollektoren gepumpt und dabei erw\u00e4rmt.<\/p>\n\n\n\n<p>Da die Sonne jedoch nicht durchgehend scheint, wurde immer ein Gaskessel als Zusatzheizung eingesetzt, um den zus\u00e4tzlichen Bedarf zu decken.<\/p>\n\n\n\n<p>Zu den Zielsetzungen des Campingplatzes geh\u00f6rte es, eine neue, nachhaltige Heizl\u00f6sung zu finden und die Energiekosten zu senken : Die industrielle W\u00e4rmepumpe erwies sich als die ideale L\u00f6sung.<\/p>\n\n\n\n<figure class=\"wp-block-gallery has-nested-images columns-default is-cropped wp-block-gallery-1 is-layout-flex wp-block-gallery-is-layout-flex\">\n<figure class=\"wp-block-image size-large\"><img decoding=\"async\" width=\"1024\" height=\"767\" data-id=\"3694\" src=\"https:\/\/klimapaktfirbetriber.lu\/wp-content\/uploads\/2024\/01\/DJI_0355_low-1024x767.jpg\" alt=\"Photovoltaik Camping Nommerlayen\" class=\"wp-image-3694\" srcset=\"https:\/\/www.klimapaktfirbetriber.lu\/wp-content\/uploads\/2024\/01\/DJI_0355_low-1024x767.jpg 1024w, https:\/\/www.klimapaktfirbetriber.lu\/wp-content\/uploads\/2024\/01\/DJI_0355_low-300x225.jpg 300w, https:\/\/www.klimapaktfirbetriber.lu\/wp-content\/uploads\/2024\/01\/DJI_0355_low-768x575.jpg 768w, https:\/\/www.klimapaktfirbetriber.lu\/wp-content\/uploads\/2024\/01\/DJI_0355_low-1536x1150.jpg 1536w, https:\/\/www.klimapaktfirbetriber.lu\/wp-content\/uploads\/2024\/01\/DJI_0355_low-2048x1534.jpg 2048w\" sizes=\"(max-width: 1024px) 100vw, 1024px\" \/><\/figure>\n\n\n\n<figure class=\"wp-block-image size-large\"><img decoding=\"async\" width=\"1024\" height=\"767\" data-id=\"3691\" src=\"https:\/\/klimapaktfirbetriber.lu\/wp-content\/uploads\/2024\/01\/DJI_0348_low-1024x767.jpg\" alt=\"\" class=\"wp-image-3691\" srcset=\"https:\/\/www.klimapaktfirbetriber.lu\/wp-content\/uploads\/2024\/01\/DJI_0348_low-1024x767.jpg 1024w, https:\/\/www.klimapaktfirbetriber.lu\/wp-content\/uploads\/2024\/01\/DJI_0348_low-300x225.jpg 300w, https:\/\/www.klimapaktfirbetriber.lu\/wp-content\/uploads\/2024\/01\/DJI_0348_low-768x575.jpg 768w, https:\/\/www.klimapaktfirbetriber.lu\/wp-content\/uploads\/2024\/01\/DJI_0348_low-1536x1150.jpg 1536w, https:\/\/www.klimapaktfirbetriber.lu\/wp-content\/uploads\/2024\/01\/DJI_0348_low-2048x1534.jpg 2048w\" sizes=\"(max-width: 1024px) 100vw, 1024px\" \/><\/figure>\n<\/figure>\n\n\n\n<h2 class=\"wp-block-heading special\" id=\"conception\">Design<\/h2>\n\n\n\n<h3 class=\"wp-block-heading\">Ersetzen des Gaskessels durch eine W\u00e4rmepumpe<\/h3>\n\n\n\n<p>Die Campingplatzbetreiber setzten sich mit ihrem Heizungsinstallateur in Verbindung, um sich \u00fcber die verschiedenen auf dem Markt verf\u00fcgbaren Technologien zu informieren.<\/p>\n\n\n\n<p>Ihre Wahl fiel auf eine industrielle W\u00e4rmepumpe. Sie fragten zwei verschiedene Hersteller nach der Konzeption des Systems und ihrer kalkulierten L\u00f6sung und entschieden sich schlie\u00dflich f\u00fcr das Angebot, das hinsichtlich der Dimensionierung, ihrer Bed\u00fcrfnisse und der Nutzung am besten geeignet war.<\/p>\n\n\n\n<p>Die niedrige Wassertemperatur des Schwimmbeckens (unter 30 \u00b0C) ist auch ein Vorteil f\u00fcr den Einsatz der W\u00e4rmepumpe, die bei dieser Temperatur einen h\u00f6heren Wirkungsgrad erreicht als bei einer Heizung mit 36 \u00b0C.<br>In Bezug auf die Regelung war es wichtig, weiterhin die M\u00f6glichkeit zu haben, zwischen Solar- und W\u00e4rmepumpenheizung zu wechseln.<\/p>\n\n\n\n<p>F\u00fcr die Finanzierung unternahm Europacamping Nommerlayen auch Schritte, um beim Wirtschaftsministerium eine Investitionsbeihilfe zu erhalten.<\/p>\n<\/div><\/div>\n\n\n\n<div class=\"wp-block-group etape\"><div class=\"wp-block-group__inner-container is-layout-flow wp-block-group-is-layout-flow\">\n<h2 class=\"wp-block-heading special\" id=\"mise-oeuvre\">Umsetzung<\/h2>\n\n\n\n<h3 class=\"wp-block-heading\">Installation der W\u00e4rmepumpe<\/h3>\n\n\n\n<p>Die Installation des neuen Heizsystems begann im Jahr 2021.<\/p>\n\n\n\n<p>Der Campingplatz arbeitet saisonal, daher sollte die Installation bis zum Fr\u00fchjahr abgeschlossen sein. Da es dem Campingplatz m\u00f6glich war, die vorbereitenden Arbeiten zur Installation der neuen W\u00e4rmepumpe selbst durchzuf\u00fchren, konnte der Termin eingehalten werden. Die gesamte Anlage wurde dann innerhalb weniger Tage vom Heizungsinstallateur errichtet, eingestellt und gleich darauf in Betrieb genommen.<\/p>\n\n\n\n<p>Das Team des Campingplatzes arbeitete eng mit der Heizungsfirma zusammen, um eine effiziente Installation der industriellen W\u00e4rmepumpe zu gew\u00e4hrleisten. Die Arbeiten wurden in etwas mehr als einer Woche abgeschlossen.<\/p>\n\n\n\n<figure class=\"wp-block-gallery has-nested-images columns-default is-cropped wp-block-gallery-2 is-layout-flex wp-block-gallery-is-layout-flex\">\n<figure class=\"wp-block-image size-large\"><img decoding=\"async\" width=\"1024\" height=\"683\" data-id=\"3708\" src=\"https:\/\/klimapaktfirbetriber.lu\/wp-content\/uploads\/2024\/06\/JPK_3860_lowPC-1024x683.jpg\" alt=\"\" class=\"wp-image-3708\" srcset=\"https:\/\/www.klimapaktfirbetriber.lu\/wp-content\/uploads\/2024\/06\/JPK_3860_lowPC-1024x683.jpg 1024w, https:\/\/www.klimapaktfirbetriber.lu\/wp-content\/uploads\/2024\/06\/JPK_3860_lowPC-300x200.jpg 300w, https:\/\/www.klimapaktfirbetriber.lu\/wp-content\/uploads\/2024\/06\/JPK_3860_lowPC-768x512.jpg 768w, https:\/\/www.klimapaktfirbetriber.lu\/wp-content\/uploads\/2024\/06\/JPK_3860_lowPC-1536x1024.jpg 1536w, https:\/\/www.klimapaktfirbetriber.lu\/wp-content\/uploads\/2024\/06\/JPK_3860_lowPC-2048x1365.jpg 2048w\" sizes=\"(max-width: 1024px) 100vw, 1024px\" \/><\/figure>\n<\/figure>\n\n\n\n<h2 class=\"wp-block-heading special\" id=\"resultat\">Resultat<\/h2>\n\n\n\n<h3 class=\"wp-block-heading\">Erfolgreicher Einsatz der industriellen W\u00e4rmepumpe<\/h3>\n\n\n\n<p>Seit der Installation der neuen industriellen W\u00e4rmepumpe schafft es der Campingplatz, vollkommen vom Erdgas f\u00fcr die Beheizung des Schwimmbads unabh\u00e4ngig zu werden.<\/p>\n\n\n\n<p>Dank einer intelligenten Betriebsweise zwischen den Solarkollektoren und der neu errichteten W\u00e4rmepumpe, konnte die Anlage Energieeinsparungen erzielen und den Gasverbrauch drastisch reduzieren.<\/p>\n\n\n\n<figure class=\"wp-block-gallery has-nested-images columns-default is-cropped wp-block-gallery-3 is-layout-flex wp-block-gallery-is-layout-flex\">\n<figure class=\"wp-block-image size-large\"><img decoding=\"async\" width=\"1024\" height=\"767\" data-id=\"3688\" src=\"https:\/\/klimapaktfirbetriber.lu\/wp-content\/uploads\/2024\/01\/DJI_0386_low-1024x767.jpg\" alt=\"\" class=\"wp-image-3688\" srcset=\"https:\/\/www.klimapaktfirbetriber.lu\/wp-content\/uploads\/2024\/01\/DJI_0386_low-1024x767.jpg 1024w, https:\/\/www.klimapaktfirbetriber.lu\/wp-content\/uploads\/2024\/01\/DJI_0386_low-300x225.jpg 300w, https:\/\/www.klimapaktfirbetriber.lu\/wp-content\/uploads\/2024\/01\/DJI_0386_low-768x575.jpg 768w, https:\/\/www.klimapaktfirbetriber.lu\/wp-content\/uploads\/2024\/01\/DJI_0386_low-1536x1150.jpg 1536w, https:\/\/www.klimapaktfirbetriber.lu\/wp-content\/uploads\/2024\/01\/DJI_0386_low-2048x1534.jpg 2048w\" sizes=\"(max-width: 1024px) 100vw, 1024px\" \/><\/figure>\n<\/figure>\n<\/div><\/div>\n","protected":false},"featured_media":3688,"template":"","thematique":[91],"class_list":["post-2665","cas-pratiques","type-cas-pratiques","status-publish","has-post-thumbnail","hentry","thematique-energie-de"],"acf":[],"_links":{"self":[{"href":"https:\/\/www.klimapaktfirbetriber.lu\/de\/wp-json\/wp\/v2\/cas-pratiques\/2665","targetHints":{"allow":["GET"]}}],"collection":[{"href":"https:\/\/www.klimapaktfirbetriber.lu\/de\/wp-json\/wp\/v2\/cas-pratiques"}],"about":[{"href":"https:\/\/www.klimapaktfirbetriber.lu\/de\/wp-json\/wp\/v2\/types\/cas-pratiques"}],"version-history":[{"count":5,"href":"https:\/\/www.klimapaktfirbetriber.lu\/de\/wp-json\/wp\/v2\/cas-pratiques\/2665\/revisions"}],"predecessor-version":[{"id":3712,"href":"https:\/\/www.klimapaktfirbetriber.lu\/de\/wp-json\/wp\/v2\/cas-pratiques\/2665\/revisions\/3712"}],"wp:featuredmedia":[{"embeddable":true,"href":"https:\/\/www.klimapaktfirbetriber.lu\/de\/wp-json\/wp\/v2\/media\/3688"}],"wp:attachment":[{"href":"https:\/\/www.klimapaktfirbetriber.lu\/de\/wp-json\/wp\/v2\/media?parent=2665"}],"wp:term":[{"taxonomy":"thematique","embeddable":true,"href":"https:\/\/www.klimapaktfirbetriber.lu\/de\/wp-json\/wp\/v2\/thematique?post=2665"}],"curies":[{"name":"wp","href":"https:\/\/api.w.org\/{rel}","templated":true}]}}

Beheizen des Schwimmbads durch Solarkollektoren, kombiniert mit einer industriellen Wärmepumpe beim Camping „Nommerlayen“

<h2 class="wp-block-heading">Profil des Unternehmens</h2>



<p>Der Europacamping Nommerlayen liegt in der Gemeinde Nommern und verfügt über 380 Stellplätze für Wohnwagen sowie 22 feste Unterkünfte (Mobilheime, Cottages und Chalets). Für die Campingplatzbetreiber spielt Nachhaltigkeit eine wesentliche Rolle bei der Entwicklung ihres Unternehmens.</p>



<p>Der Campingplatz verfügt über zahlreiche Unterhaltungs- und Sportaktivitäten innerhalb der Anlage. Dazu gehört auch das Schwimmbad, das sich im Zentrum des Campingplatzes befindet. Dieser Bereich besteht aus einem Hallenbad und einem Freibad.</p>



<div class="wp-block-group etape"><div class="wp-block-group__inner-container is-layout-flow wp-block-group-is-layout-flow">
<h2 class="wp-block-heading special" id="idee">Idee</h2>



<h3 class="wp-block-heading">Swimmingpool beheizt durch eine Kombination aus Solarkollektoren und einer industriellen Wärmepumpe</h3>



<p>Seit der Inbetriebnahme des Schwimmbads wird die Heizung durch thermische Solarkollektoren gewährleistet, wenn das Wetter es zulässt. Die Campingplatzbetreiber sind bis heute sehr zufrieden mit dieser Art der Beheizung.</p>



<p>Aus diesem Grund wurde vor einigen Jahren eine zweite Generation von Sonnenkollektoren installiert. Die Funktionsweise ist recht einfach: Das Wasser aus dem Pool wird durch die Kollektoren gepumpt und dabei erwärmt.</p>



<p>Da die Sonne jedoch nicht durchgehend scheint, wurde immer ein Gaskessel als Zusatzheizung eingesetzt, um den zusätzlichen Bedarf zu decken.</p>



<p>Zu den Zielsetzungen des Campingplatzes gehörte es, eine neue, nachhaltige Heizlösung zu finden und die Energiekosten zu senken : Die industrielle Wärmepumpe erwies sich als die ideale Lösung.</p>



<figure class="wp-block-gallery has-nested-images columns-default is-cropped wp-block-gallery-1 is-layout-flex wp-block-gallery-is-layout-flex">
<figure class="wp-block-image size-large"><img decoding="async" width="1024" height="767" data-id="3694" src="https://klimapaktfirbetriber.lu/wp-content/uploads/2024/01/DJI_0355_low-1024x767.jpg" alt="Photovoltaik Camping Nommerlayen" class="wp-image-3694" srcset="https://www.klimapaktfirbetriber.lu/wp-content/uploads/2024/01/DJI_0355_low-1024x767.jpg 1024w, https://www.klimapaktfirbetriber.lu/wp-content/uploads/2024/01/DJI_0355_low-300x225.jpg 300w, https://www.klimapaktfirbetriber.lu/wp-content/uploads/2024/01/DJI_0355_low-768x575.jpg 768w, https://www.klimapaktfirbetriber.lu/wp-content/uploads/2024/01/DJI_0355_low-1536x1150.jpg 1536w, https://www.klimapaktfirbetriber.lu/wp-content/uploads/2024/01/DJI_0355_low-2048x1534.jpg 2048w" sizes="(max-width: 1024px) 100vw, 1024px" /></figure>



<figure class="wp-block-image size-large"><img decoding="async" width="1024" height="767" data-id="3691" src="https://klimapaktfirbetriber.lu/wp-content/uploads/2024/01/DJI_0348_low-1024x767.jpg" alt="" class="wp-image-3691" srcset="https://www.klimapaktfirbetriber.lu/wp-content/uploads/2024/01/DJI_0348_low-1024x767.jpg 1024w, https://www.klimapaktfirbetriber.lu/wp-content/uploads/2024/01/DJI_0348_low-300x225.jpg 300w, https://www.klimapaktfirbetriber.lu/wp-content/uploads/2024/01/DJI_0348_low-768x575.jpg 768w, https://www.klimapaktfirbetriber.lu/wp-content/uploads/2024/01/DJI_0348_low-1536x1150.jpg 1536w, https://www.klimapaktfirbetriber.lu/wp-content/uploads/2024/01/DJI_0348_low-2048x1534.jpg 2048w" sizes="(max-width: 1024px) 100vw, 1024px" /></figure>
</figure>



<h2 class="wp-block-heading special" id="conception">Design</h2>



<h3 class="wp-block-heading">Ersetzen des Gaskessels durch eine Wärmepumpe</h3>



<p>Die Campingplatzbetreiber setzten sich mit ihrem Heizungsinstallateur in Verbindung, um sich über die verschiedenen auf dem Markt verfügbaren Technologien zu informieren.</p>



<p>Ihre Wahl fiel auf eine industrielle Wärmepumpe. Sie fragten zwei verschiedene Hersteller nach der Konzeption des Systems und ihrer kalkulierten Lösung und entschieden sich schließlich für das Angebot, das hinsichtlich der Dimensionierung, ihrer Bedürfnisse und der Nutzung am besten geeignet war.</p>



<p>Die niedrige Wassertemperatur des Schwimmbeckens (unter 30 °C) ist auch ein Vorteil für den Einsatz der Wärmepumpe, die bei dieser Temperatur einen höheren Wirkungsgrad erreicht als bei einer Heizung mit 36 °C.<br>In Bezug auf die Regelung war es wichtig, weiterhin die Möglichkeit zu haben, zwischen Solar- und Wärmepumpenheizung zu wechseln.</p>



<p>Für die Finanzierung unternahm Europacamping Nommerlayen auch Schritte, um beim Wirtschaftsministerium eine Investitionsbeihilfe zu erhalten.</p>
</div></div>



<div class="wp-block-group etape"><div class="wp-block-group__inner-container is-layout-flow wp-block-group-is-layout-flow">
<h2 class="wp-block-heading special" id="mise-oeuvre">Umsetzung</h2>



<h3 class="wp-block-heading">Installation der Wärmepumpe</h3>



<p>Die Installation des neuen Heizsystems begann im Jahr 2021.</p>



<p>Der Campingplatz arbeitet saisonal, daher sollte die Installation bis zum Frühjahr abgeschlossen sein. Da es dem Campingplatz möglich war, die vorbereitenden Arbeiten zur Installation der neuen Wärmepumpe selbst durchzuführen, konnte der Termin eingehalten werden. Die gesamte Anlage wurde dann innerhalb weniger Tage vom Heizungsinstallateur errichtet, eingestellt und gleich darauf in Betrieb genommen.</p>



<p>Das Team des Campingplatzes arbeitete eng mit der Heizungsfirma zusammen, um eine effiziente Installation der industriellen Wärmepumpe zu gewährleisten. Die Arbeiten wurden in etwas mehr als einer Woche abgeschlossen.</p>



<figure class="wp-block-gallery has-nested-images columns-default is-cropped wp-block-gallery-2 is-layout-flex wp-block-gallery-is-layout-flex">
<figure class="wp-block-image size-large"><img decoding="async" width="1024" height="683" data-id="3708" src="https://klimapaktfirbetriber.lu/wp-content/uploads/2024/06/JPK_3860_lowPC-1024x683.jpg" alt="" class="wp-image-3708" srcset="https://www.klimapaktfirbetriber.lu/wp-content/uploads/2024/06/JPK_3860_lowPC-1024x683.jpg 1024w, https://www.klimapaktfirbetriber.lu/wp-content/uploads/2024/06/JPK_3860_lowPC-300x200.jpg 300w, https://www.klimapaktfirbetriber.lu/wp-content/uploads/2024/06/JPK_3860_lowPC-768x512.jpg 768w, https://www.klimapaktfirbetriber.lu/wp-content/uploads/2024/06/JPK_3860_lowPC-1536x1024.jpg 1536w, https://www.klimapaktfirbetriber.lu/wp-content/uploads/2024/06/JPK_3860_lowPC-2048x1365.jpg 2048w" sizes="(max-width: 1024px) 100vw, 1024px" /></figure>
</figure>



<h2 class="wp-block-heading special" id="resultat">Resultat</h2>



<h3 class="wp-block-heading">Erfolgreicher Einsatz der industriellen Wärmepumpe</h3>



<p>Seit der Installation der neuen industriellen Wärmepumpe schafft es der Campingplatz, vollkommen vom Erdgas für die Beheizung des Schwimmbads unabhängig zu werden.</p>



<p>Dank einer intelligenten Betriebsweise zwischen den Solarkollektoren und der neu errichteten Wärmepumpe, konnte die Anlage Energieeinsparungen erzielen und den Gasverbrauch drastisch reduzieren.</p>



<figure class="wp-block-gallery has-nested-images columns-default is-cropped wp-block-gallery-3 is-layout-flex wp-block-gallery-is-layout-flex">
<figure class="wp-block-image size-large"><img decoding="async" width="1024" height="767" data-id="3688" src="https://klimapaktfirbetriber.lu/wp-content/uploads/2024/01/DJI_0386_low-1024x767.jpg" alt="" class="wp-image-3688" srcset="https://www.klimapaktfirbetriber.lu/wp-content/uploads/2024/01/DJI_0386_low-1024x767.jpg 1024w, https://www.klimapaktfirbetriber.lu/wp-content/uploads/2024/01/DJI_0386_low-300x225.jpg 300w, https://www.klimapaktfirbetriber.lu/wp-content/uploads/2024/01/DJI_0386_low-768x575.jpg 768w, https://www.klimapaktfirbetriber.lu/wp-content/uploads/2024/01/DJI_0386_low-1536x1150.jpg 1536w, https://www.klimapaktfirbetriber.lu/wp-content/uploads/2024/01/DJI_0386_low-2048x1534.jpg 2048w" sizes="(max-width: 1024px) 100vw, 1024px" /></figure>
</figure>
</div></div>
