{"id":3112,"date":"2024-02-26T10:58:11","date_gmt":"2024-02-26T09:58:11","guid":{"rendered":"https:\/\/klimapaktfirbetriber.lu\/cas-pratiques\/campagne-deconomie-denergie-a-luniversite-du-luxembourg\/"},"modified":"2024-02-26T11:12:50","modified_gmt":"2024-02-26T10:12:50","slug":"energiesparkampagne-universitat-luxemburg","status":"publish","type":"cas-pratiques","link":"https:\/\/www.klimapaktfirbetriber.lu\/de\/praxisbeispiele\/energiesparkampagne-universitat-luxemburg\/","title":{"rendered":"Energiesparkampagne an der Universit\u00e4t Luxemburg"},"content":{"rendered":"\n<h2 class=\"wp-block-heading\">Profil des Unternehmens<\/h2>\n\n\n\n<p>Die Universit\u00e4t Luxemburg wurde 2003 gegr\u00fcndet und ist eine \u00f6ffentliche Einrichtung f\u00fcr Hochschulbildung und Forschung. Sie verf\u00fcgt \u00fcber 3 Fakult\u00e4ten, 4 interdisziplin\u00e4re Zentren und 3 Campus (Belval, Kirchberg, Limpertsberg). Mit fast 7.000 Studierenden, darunter 1.000 Doktoranden, und 2.400 Mitarbeitern, darunter 300 Professoren, geh\u00f6rt sie laut THE-Ranking (Times Higher Education) zu den 250 besten Universit\u00e4ten der Welt.<\/p>\n\n\n\n<div class=\"wp-block-group etape\"><div class=\"wp-block-group__inner-container is-layout-flow wp-block-group-is-layout-flow\">\n<h2 class=\"wp-block-heading special\" id=\"idee\">Idee<\/h2>\n\n\n\n<h3 class=\"wp-block-heading\">Den Energieverbrauch senken<\/h3>\n\n\n\n<p>Die Universit\u00e4t Luxemburg hat sich, wie viele \u00f6ffentliche Einrichtungen, w\u00e4hrend der Kampagne Zesumme Spueren mobilisiert, um mit gutem Beispiel voranzugehen und ihren Gasverbrauch im Winter 2022-2023 zu senken. Aus diesem Grund hat sie eine Sensibilisierungskampagne bei ihren Mitarbeitern gestartet, um diese zu energiesparendem Verhalten zu ermutigen.<br>Neben den technischen Aspekten des Geb\u00e4udemanagements wollte die Universit\u00e4t ihre Gemeinschaft rund um die m\u00f6glichen Energieeinsparungen mobilisieren, um Verhaltens\u00e4nderungen zu erleichtern und sie auf Dauer nachhaltig zu gestalten.<\/p>\n<\/div><\/div>\n\n\n\n<div class=\"wp-block-group etape\"><div class=\"wp-block-group__inner-container is-layout-flow wp-block-group-is-layout-flow\">\n<h2 class=\"wp-block-heading special\" id=\"conception\">Design<\/h2>\n\n\n\n<h3 class=\"wp-block-heading\">Konzeption eines ganzheitlichen Ansatzes<\/h3>\n\n\n\n<p>Um diesem Ziel und den wirtschaftlichen Erfordernissen gerecht zu werden, entwarf die Universit\u00e4t Luxemburg einen ganzheitlichen Ansatz, der technische Ma\u00dfnahmen und Verhaltens\u00e4nderungen integriert. Das Konzeptionsteam ermittelte spezifische Anpassungen, die bei der Heizung, der Stromversorgung und dem K\u00e4ltemanagement der Geb\u00e4ude vorgenommen werden mussten.<\/p>\n<\/div><\/div>\n\n\n\n<div class=\"wp-block-group etape\"><div class=\"wp-block-group__inner-container is-layout-flow wp-block-group-is-layout-flow\">\n<h2 class=\"wp-block-heading special\" id=\"mise-oeuvre\">Umsetzung<\/h2>\n\n\n\n<h3 class=\"wp-block-heading\">Technische und verhaltensbezogene Ma\u00dfnahmen<\/h3>\n\n\n\n<p>Das Jahr 2022 markierte den Beginn der Umsetzung dieser Kampagne. Die Universit\u00e4t richtete eine eigene Intranetseite ein, auf der die im Rahmen der Initiative ergriffenen technischen und verhaltensorientierten Ma\u00dfnahmen effizient zentralisiert wurden. Im Bereich der technischen Ma\u00dfnahmen wurde die Beheizung der Geb\u00e4ude optimiert. Die Raumtemperatur ist nun tags\u00fcber auf 20 \u00b0C und nachts und an Wochenenden auf 16 \u00b0C begrenzt, was zu einer effizienteren Energienutzung beitr\u00e4gt. Dar\u00fcber hinaus wurde eine Neuorganisation der Geb\u00e4ude\u00f6ffnungszeiten an Wochenenden und in Ferienzeiten eingef\u00fchrt, um den Energieverbrauch weiter zu senken.<\/p>\n\n\n\n<p>Im Bereich der Elektrizit\u00e4t wurden strategische Anpassungen vorgenommen. Es wurde eine \u00dcberpr\u00fcfung der Helligkeit in den Gemeinschaftsbereichen vorgenommen, die es erm\u00f6glicht, jede zweite Lampe auszuschalten, wenn der gesetzliche Mindestwert eingehalten wird. Die Bel\u00fcftungsbedingungen in H\u00f6rs\u00e4len und Labors wurden ebenfalls \u00fcberpr\u00fcft und angepasst, wobei in den H\u00f6rs\u00e4len Bewegungsmelder installiert wurden, um die Bel\u00fcftung zu unterbrechen, wenn die R\u00e4ume nicht besetzt sind.<\/p>\n\n\n\n<p>Auf der Seite des individuellen Verhaltens wurde die Sensibilisierung auf mehrere Punkte ausgerichtet:<\/p>\n\n\n\n<ul class=\"wp-block-list\">\n<li>Die Mitglieder der Universit\u00e4tsgemeinschaft wurden daf\u00fcr sensibilisiert, die Heizkosten zu senken, w\u00e4hrend sie gleichzeitig darauf achteten, ihre B\u00fcros gut zu l\u00fcften.<\/li>\n\n\n\n<li>Das Stromsparen wurde durch die Steuerung der Beleuchtung in Gemeinschaftsr\u00e4umen, Fluren und B\u00fcros sowie durch die Steuerung individueller Ger\u00e4te wie Computer und Bildschirme in der Nacht, an Wochenenden und an Tagen mit Telearbeit gef\u00f6rdert.<\/li>\n<\/ul>\n<\/div><\/div>\n\n\n\n<div class=\"wp-block-group etape\"><div class=\"wp-block-group__inner-container is-layout-flow wp-block-group-is-layout-flow\">\n<h2 class=\"wp-block-heading special\" id=\"resultat\">Resultat<\/h2>\n\n\n\n<h3 class=\"wp-block-heading\">R\u00fcckgang des Energieverbrauchs<\/h3>\n\n\n\n<p>Die Universit\u00e4t Luxemburg verfolgte ihren Energieverbrauch von Ende 2022 bis Ende Mai 2023 genau und setzte seit Oktober 2022 Energiesparma\u00dfnahmen um. Die Ergebnisse zeigen eine deutliche Senkung des W\u00e4rmeverbrauchs in ihren Geb\u00e4uden in Belval, Kirchberg und Limpertsberg um 19,2 % im Vergleich zum gleichen Zeitraum des Vorjahres und sogar um fast 25 % im Vergleich zum Durchschnitt der Jahre 2019 bis 2021. Diese Ma\u00dfnahmen f\u00fchrten zu gesch\u00e4tzten Einsparungen von rund 600.000 \u20ac und einer Reduzierung von 311 Tonnen CO2-\u00c4quivalent, was 6 % der energieverbrauchsbedingten Emissionen entspricht. Der R\u00fcckgang des Stromverbrauchs pro Mitarbeiter und Student ist dagegen weniger stark ausgepr\u00e4gt und betrug von Juni 2022 bis Mai 2023 rund 3 % im Vergleich zu den vorherigen 12 Monaten und mehr als 5 % im Vergleich zu 2019-2021.<\/p>\n\n\n\n<p><\/p>\n<\/div><\/div>\n","protected":false},"featured_media":3102,"template":"","thematique":[91,95],"class_list":["post-3112","cas-pratiques","type-cas-pratiques","status-publish","has-post-thumbnail","hentry","thematique-energie-de","thematique-kommunikation-und-kooperation"],"acf":[],"_links":{"self":[{"href":"https:\/\/www.klimapaktfirbetriber.lu\/de\/wp-json\/wp\/v2\/cas-pratiques\/3112","targetHints":{"allow":["GET"]}}],"collection":[{"href":"https:\/\/www.klimapaktfirbetriber.lu\/de\/wp-json\/wp\/v2\/cas-pratiques"}],"about":[{"href":"https:\/\/www.klimapaktfirbetriber.lu\/de\/wp-json\/wp\/v2\/types\/cas-pratiques"}],"version-history":[{"count":4,"href":"https:\/\/www.klimapaktfirbetriber.lu\/de\/wp-json\/wp\/v2\/cas-pratiques\/3112\/revisions"}],"predecessor-version":[{"id":3118,"href":"https:\/\/www.klimapaktfirbetriber.lu\/de\/wp-json\/wp\/v2\/cas-pratiques\/3112\/revisions\/3118"}],"wp:featuredmedia":[{"embeddable":true,"href":"https:\/\/www.klimapaktfirbetriber.lu\/de\/wp-json\/wp\/v2\/media\/3102"}],"wp:attachment":[{"href":"https:\/\/www.klimapaktfirbetriber.lu\/de\/wp-json\/wp\/v2\/media?parent=3112"}],"wp:term":[{"taxonomy":"thematique","embeddable":true,"href":"https:\/\/www.klimapaktfirbetriber.lu\/de\/wp-json\/wp\/v2\/thematique?post=3112"}],"curies":[{"name":"wp","href":"https:\/\/api.w.org\/{rel}","templated":true}]}}

Energiesparkampagne an der Universität Luxemburg

<h2 class="wp-block-heading">Profil des Unternehmens</h2>



<p>Die Universität Luxemburg wurde 2003 gegründet und ist eine öffentliche Einrichtung für Hochschulbildung und Forschung. Sie verfügt über 3 Fakultäten, 4 interdisziplinäre Zentren und 3 Campus (Belval, Kirchberg, Limpertsberg). Mit fast 7.000 Studierenden, darunter 1.000 Doktoranden, und 2.400 Mitarbeitern, darunter 300 Professoren, gehört sie laut THE-Ranking (Times Higher Education) zu den 250 besten Universitäten der Welt.</p>



<div class="wp-block-group etape"><div class="wp-block-group__inner-container is-layout-flow wp-block-group-is-layout-flow">
<h2 class="wp-block-heading special" id="idee">Idee</h2>



<h3 class="wp-block-heading">Den Energieverbrauch senken</h3>



<p>Die Universität Luxemburg hat sich, wie viele öffentliche Einrichtungen, während der Kampagne Zesumme Spueren mobilisiert, um mit gutem Beispiel voranzugehen und ihren Gasverbrauch im Winter 2022-2023 zu senken. Aus diesem Grund hat sie eine Sensibilisierungskampagne bei ihren Mitarbeitern gestartet, um diese zu energiesparendem Verhalten zu ermutigen.<br>Neben den technischen Aspekten des Gebäudemanagements wollte die Universität ihre Gemeinschaft rund um die möglichen Energieeinsparungen mobilisieren, um Verhaltensänderungen zu erleichtern und sie auf Dauer nachhaltig zu gestalten.</p>
</div></div>



<div class="wp-block-group etape"><div class="wp-block-group__inner-container is-layout-flow wp-block-group-is-layout-flow">
<h2 class="wp-block-heading special" id="conception">Design</h2>



<h3 class="wp-block-heading">Konzeption eines ganzheitlichen Ansatzes</h3>



<p>Um diesem Ziel und den wirtschaftlichen Erfordernissen gerecht zu werden, entwarf die Universität Luxemburg einen ganzheitlichen Ansatz, der technische Maßnahmen und Verhaltensänderungen integriert. Das Konzeptionsteam ermittelte spezifische Anpassungen, die bei der Heizung, der Stromversorgung und dem Kältemanagement der Gebäude vorgenommen werden mussten.</p>
</div></div>



<div class="wp-block-group etape"><div class="wp-block-group__inner-container is-layout-flow wp-block-group-is-layout-flow">
<h2 class="wp-block-heading special" id="mise-oeuvre">Umsetzung</h2>



<h3 class="wp-block-heading">Technische und verhaltensbezogene Maßnahmen</h3>



<p>Das Jahr 2022 markierte den Beginn der Umsetzung dieser Kampagne. Die Universität richtete eine eigene Intranetseite ein, auf der die im Rahmen der Initiative ergriffenen technischen und verhaltensorientierten Maßnahmen effizient zentralisiert wurden. Im Bereich der technischen Maßnahmen wurde die Beheizung der Gebäude optimiert. Die Raumtemperatur ist nun tagsüber auf 20 °C und nachts und an Wochenenden auf 16 °C begrenzt, was zu einer effizienteren Energienutzung beiträgt. Darüber hinaus wurde eine Neuorganisation der Gebäudeöffnungszeiten an Wochenenden und in Ferienzeiten eingeführt, um den Energieverbrauch weiter zu senken.</p>



<p>Im Bereich der Elektrizität wurden strategische Anpassungen vorgenommen. Es wurde eine Überprüfung der Helligkeit in den Gemeinschaftsbereichen vorgenommen, die es ermöglicht, jede zweite Lampe auszuschalten, wenn der gesetzliche Mindestwert eingehalten wird. Die Belüftungsbedingungen in Hörsälen und Labors wurden ebenfalls überprüft und angepasst, wobei in den Hörsälen Bewegungsmelder installiert wurden, um die Belüftung zu unterbrechen, wenn die Räume nicht besetzt sind.</p>



<p>Auf der Seite des individuellen Verhaltens wurde die Sensibilisierung auf mehrere Punkte ausgerichtet:</p>



<ul class="wp-block-list">
<li>Die Mitglieder der Universitätsgemeinschaft wurden dafür sensibilisiert, die Heizkosten zu senken, während sie gleichzeitig darauf achteten, ihre Büros gut zu lüften.</li>



<li>Das Stromsparen wurde durch die Steuerung der Beleuchtung in Gemeinschaftsräumen, Fluren und Büros sowie durch die Steuerung individueller Geräte wie Computer und Bildschirme in der Nacht, an Wochenenden und an Tagen mit Telearbeit gefördert.</li>
</ul>
</div></div>



<div class="wp-block-group etape"><div class="wp-block-group__inner-container is-layout-flow wp-block-group-is-layout-flow">
<h2 class="wp-block-heading special" id="resultat">Resultat</h2>



<h3 class="wp-block-heading">Rückgang des Energieverbrauchs</h3>



<p>Die Universität Luxemburg verfolgte ihren Energieverbrauch von Ende 2022 bis Ende Mai 2023 genau und setzte seit Oktober 2022 Energiesparmaßnahmen um. Die Ergebnisse zeigen eine deutliche Senkung des Wärmeverbrauchs in ihren Gebäuden in Belval, Kirchberg und Limpertsberg um 19,2 % im Vergleich zum gleichen Zeitraum des Vorjahres und sogar um fast 25 % im Vergleich zum Durchschnitt der Jahre 2019 bis 2021. Diese Maßnahmen führten zu geschätzten Einsparungen von rund 600.000 € und einer Reduzierung von 311 Tonnen CO2-Äquivalent, was 6 % der energieverbrauchsbedingten Emissionen entspricht. Der Rückgang des Stromverbrauchs pro Mitarbeiter und Student ist dagegen weniger stark ausgeprägt und betrug von Juni 2022 bis Mai 2023 rund 3 % im Vergleich zu den vorherigen 12 Monaten und mehr als 5 % im Vergleich zu 2019-2021.</p>



<p></p>
</div></div>
