{"id":3950,"date":"2024-08-26T12:35:35","date_gmt":"2024-08-26T10:35:35","guid":{"rendered":"https:\/\/klimapaktfirbetriber.lu\/?post_type=cas-pratiques&#038;p=3950"},"modified":"2024-08-27T10:56:41","modified_gmt":"2024-08-27T08:56:41","slug":"auto-ecole-diederich-elektromobilitaet-erfolgreich-in-den-fuhrpark-des-unternehmens-integriert","status":"publish","type":"cas-pratiques","link":"https:\/\/www.klimapaktfirbetriber.lu\/de\/praxisbeispiele\/auto-ecole-diederich-elektromobilitaet-erfolgreich-in-den-fuhrpark-des-unternehmens-integriert\/","title":{"rendered":"Auto-\u00e9cole Diederich : Elektromobilit\u00e4t erfolgreich in den Fuhrpark des Unternehmens integriert"},"content":{"rendered":"\n<p>Das 1968 gegr\u00fcndete Familienunternehmen ist auf Fahrtraining spezialisiert und bietet eine breite Palette von Dienstleistungen f\u00fcr den Erwerb von F\u00fchrerscheinen f\u00fcr Pkw, Motorr\u00e4der, Lkw und Busse. Mit Niederlassungen in Echternach, Diekirch und Junglinster ist das Unternehmen in der nord\u00f6stlichen Region von Luxemburg gut etabliert. Das Unternehmen engagiert sich f\u00fcr den Umweltschutz und bem\u00fcht sich, seinen Fuhrpark so klimaneutral wie m\u00f6glich zu gestalten.<\/p>\n\n\n\n<div class=\"wp-block-group etape\"><div class=\"wp-block-group__inner-container is-layout-flow wp-block-group-is-layout-flow\">\n<h2 class=\"wp-block-heading special\" id=\"idee\">Idee<\/h2>\n\n\n\n<h3 class=\"wp-block-heading\"><strong>Analyse der CO2-Bilanz<\/strong><\/h3>\n\n\n\n<p>Die Verantwortlichen haben sich zum Ziel gesetzt, das Unternehmen auf nachhaltige Weise f\u00fcr die Zukunft vorzubereiten. Eine erste Analyse des CO\u2082-Fu\u00dfabdrucks zeigte schnell, dass der Gro\u00dfteil der Emissionen von der Fahrzeugflotte verursacht wurde.<\/p>\n<\/div><\/div>\n\n\n\n<div class=\"wp-block-group etape\"><div class=\"wp-block-group__inner-container is-layout-flow wp-block-group-is-layout-flow\">\n<h2 class=\"wp-block-heading special\" id=\"conception\">Design<\/h2>\n\n\n\n<h3 class=\"wp-block-heading\"><strong>Die richtige L\u00f6sung f\u00fcr die Elektrifizierung der Fahrschule finden<\/strong><\/h3>\n\n\n\n<p>Bei der Planung wurden mehrere Fragen aufgeworfen. Die gr\u00f6\u00dfte Sorge betraf die begrenzte Reichweite von Elektroautos. Eine weitere Unsicherheit betraf die Ladeinfrastruktur. Da die Fahrzeuge nicht morgens und abends zum Firmensitz fahren k\u00f6nnen, gibt es keine zentrale Ladeinfrastruktur im Unternehmen. Eine weitere Herausforderung ist, dass f\u00fcr einen F\u00fchrerschein mit Handschaltung die gesamte Ausbildung in einem Auto mit Handschaltung erfolgen muss, w\u00e4hrend Elektroautos als Automatikfahrzeuge eingestuft werden. Derzeit liegt das Verh\u00e4ltnis zwischen Schalt- und Automatikfahrzeugen bei 30\/70.<\/p>\n<\/div><\/div>\n\n\n\n<div class=\"wp-block-group etape\"><div class=\"wp-block-group__inner-container is-layout-flow wp-block-group-is-layout-flow\">\n<h2 class=\"wp-block-heading special\" id=\"mise-oeuvre\">Umsetzung<\/h2>\n\n\n\n<h3 class=\"wp-block-heading\"><strong>Die praktische Anwendung von Elektrofahrzeugen<\/strong><\/h3>\n\n\n\n<p>Um die Voraussetzungen f\u00fcr die Elektrifizierung der Flotte zu schaffen, wurden in einer ersten Phase alle Prozesse im Unternehmen digitalisiert. Anschlie\u00dfend wurde eine Testphase mit dem ersten Elektroauto eingeleitet. In Bezug auf die Reichweite wurde schnell klar, dass die t\u00e4gliche Nutzung kein Problem darstellte. Daher wurden bis heute drei Elektrofahrzeuge in die Flotte aufgenommen. F\u00fcr das Laden der Fahrzeuge wird die \u00f6ffentliche Infrastruktur genutzt. Einige Fahrer haben sich auch bereit erkl\u00e4rt, die Fahrzeuge abends an den Ladestationen in der N\u00e4he ihres Wohnortes aufzuladen.<\/p>\n\n\n\n<p>F\u00fcr die Fahrstunden, die f\u00fcr den F\u00fchrerschein mit Handschaltung erforderlich sind, hofft die Fahrschule Diederich, dass die Gesetzgebung bald angepasst wird, um die Nutzung von Elektrofahrzeugen teilweise zu erm\u00f6glichen. In Bezug auf die Finanzierung erhielt das Unternehmen eine staatliche Beihilfe f\u00fcr jedes erworbene Elektroauto.<\/p>\n<\/div><\/div>\n\n\n\n<div class=\"wp-block-group etape\"><div class=\"wp-block-group__inner-container is-layout-flow wp-block-group-is-layout-flow\">\n<h2 class=\"wp-block-heading special\" id=\"resultat\">Resultat<\/h2>\n\n\n\n<h3 class=\"wp-block-heading\"><strong>Best\u00e4tigtes positives Feedback<\/strong><\/h3>\n\n\n\n<p>Das Unternehmen, die Mitarbeiter und die Kunden stehen der Nutzung von Elektrofahrzeugen sehr positiv gegen\u00fcber. Auch aus finanzieller Sicht scheint die Elektromobilit\u00e4t rentabel zu sein. Dar\u00fcber hinaus f\u00fchlt sich das Management unabh\u00e4ngiger und gut auf die Zukunft vorbereitet.<\/p>\n\n\n\n<figure class=\"wp-block-gallery has-nested-images columns-default is-cropped wp-block-gallery-1 is-layout-flex wp-block-gallery-is-layout-flex\">\n<figure class=\"wp-block-image size-large\"><img decoding=\"async\" width=\"1024\" height=\"683\" data-id=\"3934\" src=\"https:\/\/klimapaktfirbetriber.lu\/wp-content\/uploads\/2024\/08\/electromobilite-integree-2-1024x683.jpg\" alt=\"\" class=\"wp-image-3934\" srcset=\"https:\/\/www.klimapaktfirbetriber.lu\/wp-content\/uploads\/2024\/08\/electromobilite-integree-2-1024x683.jpg 1024w, https:\/\/www.klimapaktfirbetriber.lu\/wp-content\/uploads\/2024\/08\/electromobilite-integree-2-300x200.jpg 300w, https:\/\/www.klimapaktfirbetriber.lu\/wp-content\/uploads\/2024\/08\/electromobilite-integree-2-768x512.jpg 768w, https:\/\/www.klimapaktfirbetriber.lu\/wp-content\/uploads\/2024\/08\/electromobilite-integree-2.jpg 1080w\" sizes=\"(max-width: 1024px) 100vw, 1024px\" \/><\/figure>\n\n\n\n<figure class=\"wp-block-image size-large\"><img decoding=\"async\" width=\"1024\" height=\"683\" data-id=\"3931\" src=\"https:\/\/klimapaktfirbetriber.lu\/wp-content\/uploads\/2024\/08\/electromobilite-integree-4-1024x683.jpg\" alt=\"\" class=\"wp-image-3931\" srcset=\"https:\/\/www.klimapaktfirbetriber.lu\/wp-content\/uploads\/2024\/08\/electromobilite-integree-4-1024x683.jpg 1024w, https:\/\/www.klimapaktfirbetriber.lu\/wp-content\/uploads\/2024\/08\/electromobilite-integree-4-300x200.jpg 300w, https:\/\/www.klimapaktfirbetriber.lu\/wp-content\/uploads\/2024\/08\/electromobilite-integree-4-768x512.jpg 768w, https:\/\/www.klimapaktfirbetriber.lu\/wp-content\/uploads\/2024\/08\/electromobilite-integree-4.jpg 1080w\" sizes=\"(max-width: 1024px) 100vw, 1024px\" \/><\/figure>\n\n\n\n<figure class=\"wp-block-image size-large\"><img decoding=\"async\" width=\"1024\" height=\"683\" data-id=\"3928\" src=\"https:\/\/klimapaktfirbetriber.lu\/wp-content\/uploads\/2024\/08\/electromobilite-integree-3-1024x683.jpg\" alt=\"\" class=\"wp-image-3928\" srcset=\"https:\/\/www.klimapaktfirbetriber.lu\/wp-content\/uploads\/2024\/08\/electromobilite-integree-3-1024x683.jpg 1024w, https:\/\/www.klimapaktfirbetriber.lu\/wp-content\/uploads\/2024\/08\/electromobilite-integree-3-300x200.jpg 300w, https:\/\/www.klimapaktfirbetriber.lu\/wp-content\/uploads\/2024\/08\/electromobilite-integree-3-768x512.jpg 768w, https:\/\/www.klimapaktfirbetriber.lu\/wp-content\/uploads\/2024\/08\/electromobilite-integree-3.jpg 1080w\" sizes=\"(max-width: 1024px) 100vw, 1024px\" \/><\/figure>\n\n\n\n<figure class=\"wp-block-image size-large\"><img decoding=\"async\" width=\"1024\" height=\"683\" data-id=\"3937\" src=\"https:\/\/klimapaktfirbetriber.lu\/wp-content\/uploads\/2024\/08\/electromobilite-integree-1-1024x683.jpg\" alt=\"\" class=\"wp-image-3937\" srcset=\"https:\/\/www.klimapaktfirbetriber.lu\/wp-content\/uploads\/2024\/08\/electromobilite-integree-1-1024x683.jpg 1024w, https:\/\/www.klimapaktfirbetriber.lu\/wp-content\/uploads\/2024\/08\/electromobilite-integree-1-300x200.jpg 300w, https:\/\/www.klimapaktfirbetriber.lu\/wp-content\/uploads\/2024\/08\/electromobilite-integree-1-768x512.jpg 768w, https:\/\/www.klimapaktfirbetriber.lu\/wp-content\/uploads\/2024\/08\/electromobilite-integree-1.jpg 1080w\" sizes=\"(max-width: 1024px) 100vw, 1024px\" \/><\/figure>\n<\/figure>\n<\/div><\/div>\n\n\n\n<p><\/p>\n","protected":false},"featured_media":3927,"template":"","thematique":[96],"class_list":["post-3950","cas-pratiques","type-cas-pratiques","status-publish","has-post-thumbnail","hentry","thematique-mobilitaet-und-transport"],"acf":[],"_links":{"self":[{"href":"https:\/\/www.klimapaktfirbetriber.lu\/de\/wp-json\/wp\/v2\/cas-pratiques\/3950","targetHints":{"allow":["GET"]}}],"collection":[{"href":"https:\/\/www.klimapaktfirbetriber.lu\/de\/wp-json\/wp\/v2\/cas-pratiques"}],"about":[{"href":"https:\/\/www.klimapaktfirbetriber.lu\/de\/wp-json\/wp\/v2\/types\/cas-pratiques"}],"version-history":[{"count":5,"href":"https:\/\/www.klimapaktfirbetriber.lu\/de\/wp-json\/wp\/v2\/cas-pratiques\/3950\/revisions"}],"predecessor-version":[{"id":3988,"href":"https:\/\/www.klimapaktfirbetriber.lu\/de\/wp-json\/wp\/v2\/cas-pratiques\/3950\/revisions\/3988"}],"wp:featuredmedia":[{"embeddable":true,"href":"https:\/\/www.klimapaktfirbetriber.lu\/de\/wp-json\/wp\/v2\/media\/3927"}],"wp:attachment":[{"href":"https:\/\/www.klimapaktfirbetriber.lu\/de\/wp-json\/wp\/v2\/media?parent=3950"}],"wp:term":[{"taxonomy":"thematique","embeddable":true,"href":"https:\/\/www.klimapaktfirbetriber.lu\/de\/wp-json\/wp\/v2\/thematique?post=3950"}],"curies":[{"name":"wp","href":"https:\/\/api.w.org\/{rel}","templated":true}]}}

Auto-école Diederich : Elektromobilität erfolgreich in den Fuhrpark des Unternehmens integriert

<p>Das 1968 gegründete Familienunternehmen ist auf Fahrtraining spezialisiert und bietet eine breite Palette von Dienstleistungen für den Erwerb von Führerscheinen für Pkw, Motorräder, Lkw und Busse. Mit Niederlassungen in Echternach, Diekirch und Junglinster ist das Unternehmen in der nordöstlichen Region von Luxemburg gut etabliert. Das Unternehmen engagiert sich für den Umweltschutz und bemüht sich, seinen Fuhrpark so klimaneutral wie möglich zu gestalten.</p>



<div class="wp-block-group etape"><div class="wp-block-group__inner-container is-layout-flow wp-block-group-is-layout-flow">
<h2 class="wp-block-heading special" id="idee">Idee</h2>



<h3 class="wp-block-heading"><strong>Analyse der CO2-Bilanz</strong></h3>



<p>Die Verantwortlichen haben sich zum Ziel gesetzt, das Unternehmen auf nachhaltige Weise für die Zukunft vorzubereiten. Eine erste Analyse des CO₂-Fußabdrucks zeigte schnell, dass der Großteil der Emissionen von der Fahrzeugflotte verursacht wurde.</p>
</div></div>



<div class="wp-block-group etape"><div class="wp-block-group__inner-container is-layout-flow wp-block-group-is-layout-flow">
<h2 class="wp-block-heading special" id="conception">Design</h2>



<h3 class="wp-block-heading"><strong>Die richtige Lösung für die Elektrifizierung der Fahrschule finden</strong></h3>



<p>Bei der Planung wurden mehrere Fragen aufgeworfen. Die größte Sorge betraf die begrenzte Reichweite von Elektroautos. Eine weitere Unsicherheit betraf die Ladeinfrastruktur. Da die Fahrzeuge nicht morgens und abends zum Firmensitz fahren können, gibt es keine zentrale Ladeinfrastruktur im Unternehmen. Eine weitere Herausforderung ist, dass für einen Führerschein mit Handschaltung die gesamte Ausbildung in einem Auto mit Handschaltung erfolgen muss, während Elektroautos als Automatikfahrzeuge eingestuft werden. Derzeit liegt das Verhältnis zwischen Schalt- und Automatikfahrzeugen bei 30/70.</p>
</div></div>



<div class="wp-block-group etape"><div class="wp-block-group__inner-container is-layout-flow wp-block-group-is-layout-flow">
<h2 class="wp-block-heading special" id="mise-oeuvre">Umsetzung</h2>



<h3 class="wp-block-heading"><strong>Die praktische Anwendung von Elektrofahrzeugen</strong></h3>



<p>Um die Voraussetzungen für die Elektrifizierung der Flotte zu schaffen, wurden in einer ersten Phase alle Prozesse im Unternehmen digitalisiert. Anschließend wurde eine Testphase mit dem ersten Elektroauto eingeleitet. In Bezug auf die Reichweite wurde schnell klar, dass die tägliche Nutzung kein Problem darstellte. Daher wurden bis heute drei Elektrofahrzeuge in die Flotte aufgenommen. Für das Laden der Fahrzeuge wird die öffentliche Infrastruktur genutzt. Einige Fahrer haben sich auch bereit erklärt, die Fahrzeuge abends an den Ladestationen in der Nähe ihres Wohnortes aufzuladen.</p>



<p>Für die Fahrstunden, die für den Führerschein mit Handschaltung erforderlich sind, hofft die Fahrschule Diederich, dass die Gesetzgebung bald angepasst wird, um die Nutzung von Elektrofahrzeugen teilweise zu ermöglichen. In Bezug auf die Finanzierung erhielt das Unternehmen eine staatliche Beihilfe für jedes erworbene Elektroauto.</p>
</div></div>



<div class="wp-block-group etape"><div class="wp-block-group__inner-container is-layout-flow wp-block-group-is-layout-flow">
<h2 class="wp-block-heading special" id="resultat">Resultat</h2>



<h3 class="wp-block-heading"><strong>Bestätigtes positives Feedback</strong></h3>



<p>Das Unternehmen, die Mitarbeiter und die Kunden stehen der Nutzung von Elektrofahrzeugen sehr positiv gegenüber. Auch aus finanzieller Sicht scheint die Elektromobilität rentabel zu sein. Darüber hinaus fühlt sich das Management unabhängiger und gut auf die Zukunft vorbereitet.</p>



<figure class="wp-block-gallery has-nested-images columns-default is-cropped wp-block-gallery-1 is-layout-flex wp-block-gallery-is-layout-flex">
<figure class="wp-block-image size-large"><img decoding="async" width="1024" height="683" data-id="3934" src="https://klimapaktfirbetriber.lu/wp-content/uploads/2024/08/electromobilite-integree-2-1024x683.jpg" alt="" class="wp-image-3934" srcset="https://www.klimapaktfirbetriber.lu/wp-content/uploads/2024/08/electromobilite-integree-2-1024x683.jpg 1024w, https://www.klimapaktfirbetriber.lu/wp-content/uploads/2024/08/electromobilite-integree-2-300x200.jpg 300w, https://www.klimapaktfirbetriber.lu/wp-content/uploads/2024/08/electromobilite-integree-2-768x512.jpg 768w, https://www.klimapaktfirbetriber.lu/wp-content/uploads/2024/08/electromobilite-integree-2.jpg 1080w" sizes="(max-width: 1024px) 100vw, 1024px" /></figure>



<figure class="wp-block-image size-large"><img decoding="async" width="1024" height="683" data-id="3931" src="https://klimapaktfirbetriber.lu/wp-content/uploads/2024/08/electromobilite-integree-4-1024x683.jpg" alt="" class="wp-image-3931" srcset="https://www.klimapaktfirbetriber.lu/wp-content/uploads/2024/08/electromobilite-integree-4-1024x683.jpg 1024w, https://www.klimapaktfirbetriber.lu/wp-content/uploads/2024/08/electromobilite-integree-4-300x200.jpg 300w, https://www.klimapaktfirbetriber.lu/wp-content/uploads/2024/08/electromobilite-integree-4-768x512.jpg 768w, https://www.klimapaktfirbetriber.lu/wp-content/uploads/2024/08/electromobilite-integree-4.jpg 1080w" sizes="(max-width: 1024px) 100vw, 1024px" /></figure>



<figure class="wp-block-image size-large"><img decoding="async" width="1024" height="683" data-id="3928" src="https://klimapaktfirbetriber.lu/wp-content/uploads/2024/08/electromobilite-integree-3-1024x683.jpg" alt="" class="wp-image-3928" srcset="https://www.klimapaktfirbetriber.lu/wp-content/uploads/2024/08/electromobilite-integree-3-1024x683.jpg 1024w, https://www.klimapaktfirbetriber.lu/wp-content/uploads/2024/08/electromobilite-integree-3-300x200.jpg 300w, https://www.klimapaktfirbetriber.lu/wp-content/uploads/2024/08/electromobilite-integree-3-768x512.jpg 768w, https://www.klimapaktfirbetriber.lu/wp-content/uploads/2024/08/electromobilite-integree-3.jpg 1080w" sizes="(max-width: 1024px) 100vw, 1024px" /></figure>



<figure class="wp-block-image size-large"><img decoding="async" width="1024" height="683" data-id="3937" src="https://klimapaktfirbetriber.lu/wp-content/uploads/2024/08/electromobilite-integree-1-1024x683.jpg" alt="" class="wp-image-3937" srcset="https://www.klimapaktfirbetriber.lu/wp-content/uploads/2024/08/electromobilite-integree-1-1024x683.jpg 1024w, https://www.klimapaktfirbetriber.lu/wp-content/uploads/2024/08/electromobilite-integree-1-300x200.jpg 300w, https://www.klimapaktfirbetriber.lu/wp-content/uploads/2024/08/electromobilite-integree-1-768x512.jpg 768w, https://www.klimapaktfirbetriber.lu/wp-content/uploads/2024/08/electromobilite-integree-1.jpg 1080w" sizes="(max-width: 1024px) 100vw, 1024px" /></figure>
</figure>
</div></div>



<p></p>
