{"id":726186,"date":"2025-02-20T16:11:07","date_gmt":"2025-02-20T15:11:07","guid":{"rendered":"https:\/\/klimapaktfirbetriber.lu\/?post_type=cas-pratiques&#038;p=726186"},"modified":"2025-06-13T17:13:28","modified_gmt":"2025-06-13T15:13:28","slug":"de-brever","status":"publish","type":"cas-pratiques","link":"https:\/\/www.klimapaktfirbetriber.lu\/de\/praxisbeispiele\/de-brever\/","title":{"rendered":"Nachhaltigkeit im Baugewerbe am Beispiel vom Unternehmen Brever"},"content":{"rendered":"\n<p>Brever, seit fast 30 Jahren ein regionaler Akteur, positioniert sich als zuverl\u00e4ssiger Partner im Bereich der Herstellung und Installation von Fenstern, T\u00fcren und Toren. Mit einem Schwerpunkt auf Qualit\u00e4t, Flexibilit\u00e4t und Kundenzufriedenheit besch\u00e4ftigt das Unternehmen 48 Mitarbeiter und bietet ma\u00dfgeschneiderte L\u00f6sungen, die Planung, Montage und Kundendienst umfassen.<\/p>\n\n\n\n<figure class=\"wp-block-embed is-type-video is-provider-youtube wp-block-embed-youtube wp-embed-aspect-16-9 wp-has-aspect-ratio\"><div class=\"wp-block-embed__wrapper\">\n<iframe title=\"Construction durable en entreprise : Brever windows and more\" width=\"640\" height=\"360\" src=\"https:\/\/www.youtube.com\/embed\/U3VvrR75K1s?feature=oembed\" frameborder=\"0\" allow=\"accelerometer; autoplay; clipboard-write; encrypted-media; gyroscope; picture-in-picture; web-share\" referrerpolicy=\"strict-origin-when-cross-origin\" allowfullscreen><\/iframe>\n<\/div><\/figure>\n\n\n\n<div style=\"height:100px\" aria-hidden=\"true\" class=\"wp-block-spacer\"><\/div>\n\n\n\n<div class=\"wp-block-group etape\"><div class=\"wp-block-group__inner-container is-layout-flow wp-block-group-is-layout-flow\">\n<h2 class=\"wp-block-heading special\" id=\"idee\">Idee<\/h2>\n\n\n\n<h3 class=\"wp-block-heading\">Ein nachhaltiges Geb\u00e4ude f\u00fcr Energieeffizienz und Umweltschutz<\/h3>\n\n\n\n<p>Das Unternehmen wollte eine innovative und nachhaltige Infrastruktur aufbauen, die seine Umweltauswirkungen reduziert und gleichzeitig seine Abl\u00e4ufe optimiert. Das Hauptziel bestand darin, einen Raum zu schaffen, der B\u00fcros, Ausstellungsraum und Lagerr\u00e4ume vereint und gleichzeitig \u00f6kologische L\u00f6sungen und regionale Materialien integriert und auf die Energieeffizienz des Geb\u00e4udes abzielt.<\/p>\n<\/div><\/div>\n\n\n\n<div class=\"wp-block-group etape\"><div class=\"wp-block-group__inner-container is-layout-flow wp-block-group-is-layout-flow\">\n<h2 class=\"wp-block-heading special\" id=\"conception\">Design<\/h2>\n\n\n\n<h3 class=\"wp-block-heading\">Lokale Materialien und innovative Technologien<\/h3>\n\n\n\n<p>Die Initiative konzentrierte sich auf den Bau eines nachhaltigen Geb\u00e4udes unter Ber\u00fccksichtigung der folgenden Kriterien:<\/p>\n\n\n\n<ul class=\"wp-block-list\">\n<li><strong>Innovative Ausstattung<\/strong>: Sonnenschutzverglasung, ma\u00dfgeschneiderte L\u00fcftung mit elektronischer Feuchtesteuerung und Nachtausk\u00fchlung.<\/li>\n\n\n\n<li><strong>Lokale Materialien<\/strong>: Verwendung von Holz, Sichtbeton und schwarzem Stahl von regionalen Lieferanten.<\/li>\n\n\n\n<li><strong>Effiziente Energiesysteme<\/strong>: Fu\u00dfbodenheizung, hochwertige Isolierung, hocheffiziente W\u00e4rmepumpe und passive K\u00fchlung.<\/li>\n<\/ul>\n<\/div><\/div>\n\n\n\n<div class=\"wp-block-group etape\"><div class=\"wp-block-group__inner-container is-layout-flow wp-block-group-is-layout-flow\">\n<h2 class=\"wp-block-heading special\" id=\"resultat\">Resultat<\/h2>\n\n\n\n<h3 class=\"wp-block-heading\"><strong>Energieeinsparung und St\u00e4rkung der regionalen Wirtschaft<\/strong><\/h3>\n\n\n\n<p>Das im Dezember 2023 eingeweihte neue Geb\u00e4ude bietet:<\/p>\n\n\n\n<ul class=\"wp-block-list\">\n<li><strong>Eine Reduzierung der Emissionen<\/strong>: eine Senkung des Energieverbrauchs durch effiziente Heiz-\/K\u00fchlsysteme und eine leistungsstarke Isolierung<\/li>\n\n\n\n<li><strong>Eine verst\u00e4rkte regionale Auswirkung<\/strong>: lokale Beschaffung zur F\u00f6rderung der regionalen Wirtschaft<\/li>\n\n\n\n<li><strong>Erh\u00f6hten Komfort<\/strong>: Verbesserung der Raumluftqualit\u00e4t und der Raumtemperatur f\u00fcr Mitarbeiter und Kunden.<\/li>\n<\/ul>\n\n\n\n<p><\/p>\n<\/div><\/div>\n\n\n\n<figure class=\"wp-block-gallery has-nested-images columns-default is-cropped wp-block-gallery-1 is-layout-flex wp-block-gallery-is-layout-flex\">\n<figure class=\"wp-block-image size-large\"><img decoding=\"async\" width=\"576\" height=\"1024\" data-id=\"725950\" src=\"https:\/\/klimapaktfirbetriber.lu\/wp-content\/uploads\/2025\/02\/IMG_0851-min-1-576x1024.jpeg\" alt=\"Photo des ventilateurs de la pompe \u00e0 chaleur de l\u2019entreprise Brever\" class=\"wp-image-725950\" srcset=\"https:\/\/www.klimapaktfirbetriber.lu\/wp-content\/uploads\/2025\/02\/IMG_0851-min-1-576x1024.jpeg 576w, https:\/\/www.klimapaktfirbetriber.lu\/wp-content\/uploads\/2025\/02\/IMG_0851-min-1-169x300.jpeg 169w, https:\/\/www.klimapaktfirbetriber.lu\/wp-content\/uploads\/2025\/02\/IMG_0851-min-1-768x1365.jpeg 768w, https:\/\/www.klimapaktfirbetriber.lu\/wp-content\/uploads\/2025\/02\/IMG_0851-min-1-864x1536.jpeg 864w, https:\/\/www.klimapaktfirbetriber.lu\/wp-content\/uploads\/2025\/02\/IMG_0851-min-1-1152x2048.jpeg 1152w, https:\/\/www.klimapaktfirbetriber.lu\/wp-content\/uploads\/2025\/02\/IMG_0851-min-1-scaled.jpeg 1440w\" sizes=\"(max-width: 576px) 100vw, 576px\" \/><figcaption class=\"wp-element-caption\">Leistungsf\u00e4higes Heizsystem \u2013 W\u00e4rmepumpe<\/figcaption><\/figure>\n\n\n\n<figure class=\"wp-block-image size-large\"><img decoding=\"async\" width=\"1024\" height=\"576\" data-id=\"725926\" src=\"https:\/\/klimapaktfirbetriber.lu\/wp-content\/uploads\/2025\/02\/IMG_0857-min-1024x576.jpeg\" alt=\"Photo de la salle de contr\u00f4le du syst\u00e8me de gestion de l\u2019air dans l\u2019entreprise Brever\" class=\"wp-image-725926\" srcset=\"https:\/\/www.klimapaktfirbetriber.lu\/wp-content\/uploads\/2025\/02\/IMG_0857-min-1024x576.jpeg 1024w, https:\/\/www.klimapaktfirbetriber.lu\/wp-content\/uploads\/2025\/02\/IMG_0857-min-300x169.jpeg 300w, https:\/\/www.klimapaktfirbetriber.lu\/wp-content\/uploads\/2025\/02\/IMG_0857-min-768x432.jpeg 768w, https:\/\/www.klimapaktfirbetriber.lu\/wp-content\/uploads\/2025\/02\/IMG_0857-min-1536x864.jpeg 1536w, https:\/\/www.klimapaktfirbetriber.lu\/wp-content\/uploads\/2025\/02\/IMG_0857-min-2048x1152.jpeg 2048w\" sizes=\"(max-width: 1024px) 100vw, 1024px\" \/><figcaption class=\"wp-element-caption\">Luftmanagementsystem im Geb\u00e4ude<\/figcaption><\/figure>\n<\/figure>\n","protected":false},"featured_media":726161,"template":"","thematique":[91],"class_list":["post-726186","cas-pratiques","type-cas-pratiques","status-publish","has-post-thumbnail","hentry","thematique-energie-de"],"acf":[],"_links":{"self":[{"href":"https:\/\/www.klimapaktfirbetriber.lu\/de\/wp-json\/wp\/v2\/cas-pratiques\/726186","targetHints":{"allow":["GET"]}}],"collection":[{"href":"https:\/\/www.klimapaktfirbetriber.lu\/de\/wp-json\/wp\/v2\/cas-pratiques"}],"about":[{"href":"https:\/\/www.klimapaktfirbetriber.lu\/de\/wp-json\/wp\/v2\/types\/cas-pratiques"}],"version-history":[{"count":4,"href":"https:\/\/www.klimapaktfirbetriber.lu\/de\/wp-json\/wp\/v2\/cas-pratiques\/726186\/revisions"}],"predecessor-version":[{"id":1689173,"href":"https:\/\/www.klimapaktfirbetriber.lu\/de\/wp-json\/wp\/v2\/cas-pratiques\/726186\/revisions\/1689173"}],"wp:featuredmedia":[{"embeddable":true,"href":"https:\/\/www.klimapaktfirbetriber.lu\/de\/wp-json\/wp\/v2\/media\/726161"}],"wp:attachment":[{"href":"https:\/\/www.klimapaktfirbetriber.lu\/de\/wp-json\/wp\/v2\/media?parent=726186"}],"wp:term":[{"taxonomy":"thematique","embeddable":true,"href":"https:\/\/www.klimapaktfirbetriber.lu\/de\/wp-json\/wp\/v2\/thematique?post=726186"}],"curies":[{"name":"wp","href":"https:\/\/api.w.org\/{rel}","templated":true}]}}

<p>Brever, seit fast 30 Jahren ein regionaler Akteur, positioniert sich als zuverlässiger Partner im Bereich der Herstellung und Installation von Fenstern, Türen und Toren. Mit einem Schwerpunkt auf Qualität, Flexibilität und Kundenzufriedenheit beschäftigt das Unternehmen 48 Mitarbeiter und bietet maßgeschneiderte Lösungen, die Planung, Montage und Kundendienst umfassen.</p>



<figure class="wp-block-embed is-type-video is-provider-youtube wp-block-embed-youtube wp-embed-aspect-16-9 wp-has-aspect-ratio"><div class="wp-block-embed__wrapper">
<iframe title="Construction durable en entreprise : Brever windows and more" width="640" height="360" src="https://www.youtube.com/embed/U3VvrR75K1s?feature=oembed" frameborder="0" allow="accelerometer; autoplay; clipboard-write; encrypted-media; gyroscope; picture-in-picture; web-share" referrerpolicy="strict-origin-when-cross-origin" allowfullscreen></iframe>
</div></figure>



<div style="height:100px" aria-hidden="true" class="wp-block-spacer"></div>



<div class="wp-block-group etape"><div class="wp-block-group__inner-container is-layout-flow wp-block-group-is-layout-flow">
<h2 class="wp-block-heading special" id="idee">Idee</h2>



<h3 class="wp-block-heading">Ein nachhaltiges Gebäude für Energieeffizienz und Umweltschutz</h3>



<p>Das Unternehmen wollte eine innovative und nachhaltige Infrastruktur aufbauen, die seine Umweltauswirkungen reduziert und gleichzeitig seine Abläufe optimiert. Das Hauptziel bestand darin, einen Raum zu schaffen, der Büros, Ausstellungsraum und Lagerräume vereint und gleichzeitig ökologische Lösungen und regionale Materialien integriert und auf die Energieeffizienz des Gebäudes abzielt.</p>
</div></div>



<div class="wp-block-group etape"><div class="wp-block-group__inner-container is-layout-flow wp-block-group-is-layout-flow">
<h2 class="wp-block-heading special" id="conception">Design</h2>



<h3 class="wp-block-heading">Lokale Materialien und innovative Technologien</h3>



<p>Die Initiative konzentrierte sich auf den Bau eines nachhaltigen Gebäudes unter Berücksichtigung der folgenden Kriterien:</p>



<ul class="wp-block-list">
<li><strong>Innovative Ausstattung</strong>: Sonnenschutzverglasung, maßgeschneiderte Lüftung mit elektronischer Feuchtesteuerung und Nachtauskühlung.</li>



<li><strong>Lokale Materialien</strong>: Verwendung von Holz, Sichtbeton und schwarzem Stahl von regionalen Lieferanten.</li>



<li><strong>Effiziente Energiesysteme</strong>: Fußbodenheizung, hochwertige Isolierung, hocheffiziente Wärmepumpe und passive Kühlung.</li>
</ul>
</div></div>



<div class="wp-block-group etape"><div class="wp-block-group__inner-container is-layout-flow wp-block-group-is-layout-flow">
<h2 class="wp-block-heading special" id="resultat">Resultat</h2>



<h3 class="wp-block-heading"><strong>Energieeinsparung und Stärkung der regionalen Wirtschaft</strong></h3>



<p>Das im Dezember 2023 eingeweihte neue Gebäude bietet:</p>



<ul class="wp-block-list">
<li><strong>Eine Reduzierung der Emissionen</strong>: eine Senkung des Energieverbrauchs durch effiziente Heiz-/Kühlsysteme und eine leistungsstarke Isolierung</li>



<li><strong>Eine verstärkte regionale Auswirkung</strong>: lokale Beschaffung zur Förderung der regionalen Wirtschaft</li>



<li><strong>Erhöhten Komfort</strong>: Verbesserung der Raumluftqualität und der Raumtemperatur für Mitarbeiter und Kunden.</li>
</ul>



<p></p>
</div></div>



<figure class="wp-block-gallery has-nested-images columns-default is-cropped wp-block-gallery-1 is-layout-flex wp-block-gallery-is-layout-flex">
<figure class="wp-block-image size-large"><img decoding="async" width="576" height="1024" data-id="725950" src="https://klimapaktfirbetriber.lu/wp-content/uploads/2025/02/IMG_0851-min-1-576x1024.jpeg" alt="Photo des ventilateurs de la pompe à chaleur de l’entreprise Brever" class="wp-image-725950" srcset="https://www.klimapaktfirbetriber.lu/wp-content/uploads/2025/02/IMG_0851-min-1-576x1024.jpeg 576w, https://www.klimapaktfirbetriber.lu/wp-content/uploads/2025/02/IMG_0851-min-1-169x300.jpeg 169w, https://www.klimapaktfirbetriber.lu/wp-content/uploads/2025/02/IMG_0851-min-1-768x1365.jpeg 768w, https://www.klimapaktfirbetriber.lu/wp-content/uploads/2025/02/IMG_0851-min-1-864x1536.jpeg 864w, https://www.klimapaktfirbetriber.lu/wp-content/uploads/2025/02/IMG_0851-min-1-1152x2048.jpeg 1152w, https://www.klimapaktfirbetriber.lu/wp-content/uploads/2025/02/IMG_0851-min-1-scaled.jpeg 1440w" sizes="(max-width: 576px) 100vw, 576px" /><figcaption class="wp-element-caption">Leistungsfähiges Heizsystem – Wärmepumpe</figcaption></figure>



<figure class="wp-block-image size-large"><img decoding="async" width="1024" height="576" data-id="725926" src="https://klimapaktfirbetriber.lu/wp-content/uploads/2025/02/IMG_0857-min-1024x576.jpeg" alt="Photo de la salle de contrôle du système de gestion de l’air dans l’entreprise Brever" class="wp-image-725926" srcset="https://www.klimapaktfirbetriber.lu/wp-content/uploads/2025/02/IMG_0857-min-1024x576.jpeg 1024w, https://www.klimapaktfirbetriber.lu/wp-content/uploads/2025/02/IMG_0857-min-300x169.jpeg 300w, https://www.klimapaktfirbetriber.lu/wp-content/uploads/2025/02/IMG_0857-min-768x432.jpeg 768w, https://www.klimapaktfirbetriber.lu/wp-content/uploads/2025/02/IMG_0857-min-1536x864.jpeg 1536w, https://www.klimapaktfirbetriber.lu/wp-content/uploads/2025/02/IMG_0857-min-2048x1152.jpeg 2048w" sizes="(max-width: 1024px) 100vw, 1024px" /><figcaption class="wp-element-caption">Luftmanagementsystem im Gebäude</figcaption></figure>
</figure>
