{"id":2902,"date":"2024-02-02T10:53:55","date_gmt":"2024-02-02T09:53:55","guid":{"rendered":"https:\/\/klimapaktfirbetriber.lu\/?post_type=mesures-simplifiees&#038;p=2902"},"modified":"2024-02-02T11:45:38","modified_gmt":"2024-02-02T10:45:38","slug":"energieeinsparungen-bei-der-it-ausstattung","status":"publish","type":"mesures-simplifiees","link":"https:\/\/www.klimapaktfirbetriber.lu\/de\/vereinfachte-massnahme\/energieeinsparungen-bei-der-it-ausstattung\/","title":{"rendered":"Energieeinsparungen bei der IT-Ausstattung"},"content":{"rendered":"\n<h2 class=\"wp-block-heading\">Senkung der Stromkosten durch intelligente Nutzung von IT-Ger\u00e4ten<\/h2>\n\n\n\n<p>Die zunehmende Nutzung von IT-Ausr\u00fcstung f\u00fchrt unweigerlich zu einem h\u00f6heren Energieverbrauch, sei es durch das Ausf\u00fchren von Computeranwendungen, die Kommunikation \u00fcber LAN\/Wi-Fi-Netzwerke usw.<\/p>\n\n\n\n<p>Der Zusammenhang zwischen IT-Ger\u00e4ten und dem Energieverbrauch ist nicht direkt ersichtlich, da der Stromverbrauch nicht von anderen im Unternehmen vorhandenen elektrischen Anlagen getrennt wird.<\/p>\n\n\n\n<p>Die Durchf\u00fchrung einer Diagnose zum Thema nachhaltige IT erm\u00f6glicht es Unternehmensleitern und Mitarbeitern, ihre digitale Umweltbilanz und ihren Verbrauch zu optimieren.<\/p>\n\n\n\n<h3 class=\"wp-block-heading\"><strong>Eine Verbesserung der Energiesituation kann folgende Aspekte umfassen<\/strong><\/h3>\n\n\n\n<ul class=\"wp-block-list\">\n<li>Bestandsaufnahme der IT-Ausr\u00fcstung<\/li>\n\n\n\n<li>Anpassung der Ausr\u00fcstung an die Bed\u00fcrfnisse<\/li>\n\n\n\n<li>Auswahl von Ger\u00e4ten mit geringem Verbrauch<\/li>\n\n\n\n<li>Energiespareinstellungen<\/li>\n\n\n\n<li>Sensibilisierung der Mitarbeiter<\/li>\n<\/ul>\n\n\n\n<h3 class=\"wp-block-heading\"><strong>Fragen, die Sie sich stellen sollten, bevor Sie Ihr Projekt starten<\/strong><\/h3>\n\n\n\n<ul class=\"wp-block-list\">\n<li>Habe ich einen \u00dcberblick \u00fcber alle meine IT-Ger\u00e4te?<\/li>\n\n\n\n<li>Sind meine IT-Ger\u00e4te energiesparend und auf dem neuesten Stand der Technik?<\/li>\n\n\n\n<li>Sind bestimmte Ger\u00e4te vielleicht \u00fcberfl\u00fcssig?<\/li>\n\n\n\n<li>Sind meine Mitarbeiter mit dem Thema der wirtschaftlichen Nutzung von IT-Ger\u00e4ten vertraut?<\/li>\n<\/ul>\n","protected":false},"template":"","class_list":["post-2902","mesures-simplifiees","type-mesures-simplifiees","status-publish","hentry"],"acf":[],"_links":{"self":[{"href":"https:\/\/www.klimapaktfirbetriber.lu\/de\/wp-json\/wp\/v2\/mesures-simplifiees\/2902","targetHints":{"allow":["GET"]}}],"collection":[{"href":"https:\/\/www.klimapaktfirbetriber.lu\/de\/wp-json\/wp\/v2\/mesures-simplifiees"}],"about":[{"href":"https:\/\/www.klimapaktfirbetriber.lu\/de\/wp-json\/wp\/v2\/types\/mesures-simplifiees"}],"wp:attachment":[{"href":"https:\/\/www.klimapaktfirbetriber.lu\/de\/wp-json\/wp\/v2\/media?parent=2902"}],"curies":[{"name":"wp","href":"https:\/\/api.w.org\/{rel}","templated":true}]}}

<h2 class="wp-block-heading">Senkung der Stromkosten durch intelligente Nutzung von IT-Geräten</h2>



<p>Die zunehmende Nutzung von IT-Ausrüstung führt unweigerlich zu einem höheren Energieverbrauch, sei es durch das Ausführen von Computeranwendungen, die Kommunikation über LAN/Wi-Fi-Netzwerke usw.</p>



<p>Der Zusammenhang zwischen IT-Geräten und dem Energieverbrauch ist nicht direkt ersichtlich, da der Stromverbrauch nicht von anderen im Unternehmen vorhandenen elektrischen Anlagen getrennt wird.</p>



<p>Die Durchführung einer Diagnose zum Thema nachhaltige IT ermöglicht es Unternehmensleitern und Mitarbeitern, ihre digitale Umweltbilanz und ihren Verbrauch zu optimieren.</p>



<h3 class="wp-block-heading"><strong>Eine Verbesserung der Energiesituation kann folgende Aspekte umfassen</strong></h3>



<ul class="wp-block-list">
<li>Bestandsaufnahme der IT-Ausrüstung</li>



<li>Anpassung der Ausrüstung an die Bedürfnisse</li>



<li>Auswahl von Geräten mit geringem Verbrauch</li>



<li>Energiespareinstellungen</li>



<li>Sensibilisierung der Mitarbeiter</li>
</ul>



<h3 class="wp-block-heading"><strong>Fragen, die Sie sich stellen sollten, bevor Sie Ihr Projekt starten</strong></h3>



<ul class="wp-block-list">
<li>Habe ich einen Überblick über alle meine IT-Geräte?</li>



<li>Sind meine IT-Geräte energiesparend und auf dem neuesten Stand der Technik?</li>



<li>Sind bestimmte Geräte vielleicht überflüssig?</li>



<li>Sind meine Mitarbeiter mit dem Thema der wirtschaftlichen Nutzung von IT-Geräten vertraut?</li>
</ul>
