{"id":2916,"date":"2024-02-02T12:00:51","date_gmt":"2024-02-02T11:00:51","guid":{"rendered":"https:\/\/klimapaktfirbetriber.lu\/?post_type=mesures-simplifiees&#038;p=2916"},"modified":"2024-02-02T12:33:56","modified_gmt":"2024-02-02T11:33:56","slug":"kampagne-zur-sensibilisierung-der-mitarbeiter","status":"publish","type":"mesures-simplifiees","link":"https:\/\/www.klimapaktfirbetriber.lu\/de\/vereinfachte-massnahme\/kampagne-zur-sensibilisierung-der-mitarbeiter\/","title":{"rendered":"Kampagne zur Sensibilisierung der Mitarbeiter"},"content":{"rendered":"\n<h2 class=\"wp-block-heading\"><strong>Durchf\u00fchrung von Kampagnen zur Sensibilisierung der Mitarbeiter Ihres Unternehmens<\/strong><\/h2>\n\n\n\n<p>Das individuelle Verhalten hat einen gro\u00dfen Einfluss auf den Ressourcenverbrauch. Um den Mitarbeitern die Auswirkungen ihres Handelns bewusst zu machen, ist eine Sensibilisierungskampagne ideal.<\/p>\n\n\n\n<p>Die folgenden Details geben Hinweise f\u00fcr die Durchf\u00fchrung einer Kampagne zur Sensibilisierung der Mitarbeiter, um die Rechenschaftspflicht und das nachhaltige Engagement f\u00fcr die Themen Energie, Ressourcen und Klima in der Organisation sicherzustellen.<\/p>\n\n\n\n<h2 class=\"wp-block-heading\"><strong>Fragen, die Sie sich stellen sollten, bevor Sie Ihr Projekt starten<\/strong><\/h2>\n\n\n\n<ul class=\"wp-block-list\">\n<li>Wie ist die Energiesituation des Geb\u00e4udes meines Unternehmens?<\/li>\n\n\n\n<li>Kenne ich Beispiele f\u00fcr einen schlechten Umgang der Mitarbeiter mit Energie und Wasser?<\/li>\n\n\n\n<li>Wie kann das Thema Energie- und Ressourcensparen an meine Mitarbeiter weitergegeben werden?<\/li>\n\n\n\n<li>Kann ich eine Person oder Abteilung benennen, die f\u00fcr die Bewusstseinsbildung zust\u00e4ndig ist?<\/li>\n\n\n\n<li>Gibt es Instrumente zur Umsetzung der Sensibilisierung?<\/li>\n<\/ul>\n","protected":false},"template":"","class_list":["post-2916","mesures-simplifiees","type-mesures-simplifiees","status-publish","hentry"],"acf":[],"_links":{"self":[{"href":"https:\/\/www.klimapaktfirbetriber.lu\/de\/wp-json\/wp\/v2\/mesures-simplifiees\/2916","targetHints":{"allow":["GET"]}}],"collection":[{"href":"https:\/\/www.klimapaktfirbetriber.lu\/de\/wp-json\/wp\/v2\/mesures-simplifiees"}],"about":[{"href":"https:\/\/www.klimapaktfirbetriber.lu\/de\/wp-json\/wp\/v2\/types\/mesures-simplifiees"}],"wp:attachment":[{"href":"https:\/\/www.klimapaktfirbetriber.lu\/de\/wp-json\/wp\/v2\/media?parent=2916"}],"curies":[{"name":"wp","href":"https:\/\/api.w.org\/{rel}","templated":true}]}}

<h2 class="wp-block-heading"><strong>Durchführung von Kampagnen zur Sensibilisierung der Mitarbeiter Ihres Unternehmens</strong></h2>



<p>Das individuelle Verhalten hat einen großen Einfluss auf den Ressourcenverbrauch. Um den Mitarbeitern die Auswirkungen ihres Handelns bewusst zu machen, ist eine Sensibilisierungskampagne ideal.</p>



<p>Die folgenden Details geben Hinweise für die Durchführung einer Kampagne zur Sensibilisierung der Mitarbeiter, um die Rechenschaftspflicht und das nachhaltige Engagement für die Themen Energie, Ressourcen und Klima in der Organisation sicherzustellen.</p>



<h2 class="wp-block-heading"><strong>Fragen, die Sie sich stellen sollten, bevor Sie Ihr Projekt starten</strong></h2>



<ul class="wp-block-list">
<li>Wie ist die Energiesituation des Gebäudes meines Unternehmens?</li>



<li>Kenne ich Beispiele für einen schlechten Umgang der Mitarbeiter mit Energie und Wasser?</li>



<li>Wie kann das Thema Energie- und Ressourcensparen an meine Mitarbeiter weitergegeben werden?</li>



<li>Kann ich eine Person oder Abteilung benennen, die für die Bewusstseinsbildung zuständig ist?</li>



<li>Gibt es Instrumente zur Umsetzung der Sensibilisierung?</li>
</ul>
