{"id":4230,"date":"2024-09-10T15:49:46","date_gmt":"2024-09-10T13:49:46","guid":{"rendered":"https:\/\/klimapaktfirbetriber.lu\/mesures\/commerce-alimentaire-mise-en-place-de-films-de-protection-solaire\/"},"modified":"2026-03-18T12:55:44","modified_gmt":"2026-03-18T11:55:44","slug":"commerce-alimentaire-mise-en-place-de-films-de-protection-solaire","status":"publish","type":"mesures","link":"https:\/\/www.klimapaktfirbetriber.lu\/de\/massnahmen\/commerce-alimentaire-mise-en-place-de-films-de-protection-solaire\/","title":{"rendered":"Lebensmittelgesch\u00e4ft: Anbringen von Sonnenschutzfolien"},"content":{"rendered":"\n<h2 class=\"wp-block-heading\">Anbringen von Sonnenschutzfolien<\/h2>\n\n\n\n<p>Im Rahmen des Projekts werden auf den Au\u00dfenverglasungen Sonnenschutzfolien angebracht, die den Eintrag von Sonnenw\u00e4rme in das Innere des Geb\u00e4udes verringern. Im Sommer werden der Bedarf an Klimaanlagen und der damit verbundene Energieverbrauch reduziert. Im Winter kann der Heizbedarf und der damit verbundene Energieverbrauch leicht ansteigen.<\/p>\n\n\n\n<p>Sonnenschutzfolien eignen sich f\u00fcr bestehende Dienstleistungsgeb\u00e4ude, Schaufenster und Gesch\u00e4fte, die mit Glasfl\u00e4chen ausgestattet sind, die aufgrund der Sonneneinstrahlung zu einer \u00dcberhitzung und einem erh\u00f6hten Klimatisierungsbedarf f\u00fchren k\u00f6nnen.<\/p>\n\n\n\n<p>Die Installation dieser Technologie, die seit mehr als f\u00fcnf Jahren auf dem Markt erh\u00e4ltlich ist, wird es dem Unternehmen erm\u00f6glichen, Strom zu sparen, w\u00e4hrend es gleichzeitig seinen CO2-Aussto\u00df verringert, aber vor allem den Komfort verbessert. Diese Ma\u00dfnahme ist relativ einfach umzusetzen, amortisiert sich in kurzer Zeit und kann ohne Produktionsstopp durchgef\u00fchrt werden.<\/p>\n\n\n\n<p>Es gibt verschiedene Typen von Sonnenschutzfolien, die es erm\u00f6glichen, die Sonneneinstrahlung je nach Bedarf und Jahreszeit zu steuern und so im Winter wie im Sommer W\u00e4rmeschutz und thermische Optimierung zu gew\u00e4hrleisten, ohne an Helligkeit zu verlieren.<\/p>\n\n\n\n<!--more-->\n\n\n\n<p><\/p>\n\n\n\n<h3 class=\"type-numerotation\"><span class=\"type-numerotation-span visually-hidden\"><\/span>Energie- und Umweltauswirkungen<\/h3>\n\n\n\n<p>Das Anbringen von Sonnenschutzfolien bietet viele Vorteile:<\/p>\n\n\n\n<ul class=\"wp-block-list\">\n<li>Erhebliche Verringerung des solaren W\u00e4rmeeintrags im Sommer<\/li>\n\n\n\n<li>Bessere Isolierung im Winter<\/li>\n\n\n\n<li>Kein Helligkeitsverlust<\/li>\n\n\n\n<li>Verminderte Blendung<\/li>\n\n\n\n<li>UV-Schutz f\u00fcr M\u00f6bel und Dekorationsgegenst\u00e4nde<\/li>\n\n\n\n<li>Kann an Innen- oder Au\u00dfenverglasungen angebracht werden, ohne den Betrieb zu beeintr\u00e4chtigen<\/li>\n<\/ul>\n\n\n\n<h3 class=\"type-numerotation\"><span class=\"type-numerotation-span visually-hidden\"><\/span>Beantragung von Beihilfen<\/h3>\n\n\n\n<div class=\"wp-block-group has-light-green-background-color has-background\"><div class=\"wp-block-group__inner-container is-layout-constrained wp-block-group-is-layout-constrained\">\n<h4 class=\"wp-block-heading\">Staatliche Beihilfen<\/h4>\n\n\n\n<p><strong>Achtung: Anreizwirkung, die bei der Beantragung von (staatlicher oder nichtstaatlicher) Beihilfe und unter der Voraussetzung, dass die F\u00f6rderkriterien erf\u00fcllt sind, eingehalten werden muss.<\/strong><br>Um die \u201eAnreizwirkung\u201c zu wahren, d\u00fcrfen keine verbindlichen Verpflichtungen (Unterzeichnung eines Kostenvoranschlags; Anzahlung) eingegangen werden, BEVOR die Antragsunterlagen eingereicht wurden oder der Staat oder der Strom- und Gasversorger aufgrund eines Antrags auf Zusch\u00fcsse eine grunds\u00e4tzliche Zustimmung erteilt hat.<\/p>\n\n\n\n<p><a href=\"https:\/\/guichet.public.lu\/fr\/entreprises\/financement-aides\/regime-sme-packages\/soutien-pme\/sme-packages-sustainability.html\" target=\"_blank\" rel=\"noreferrer noopener\"><strong>SME <\/strong><\/a><strong><a href=\"https:\/\/guichet.public.lu\/de\/entreprises\/financement-aides\/regime-sme-packages\/soutien-pme\/sme-packages-sustainability.html\" target=\"_blank\" rel=\"noreferrer noopener\">Packages <\/a><\/strong><a href=\"https:\/\/guichet.public.lu\/de\/entreprises\/financement-aides\/regime-sme-packages\/soutien-pme\/sme-packages-sustainability.html\" target=\"_blank\" rel=\"noreferrer noopener\"><strong>&#8211; Sustainability<\/strong><\/a><\/p>\n\n\n\n<ul class=\"wp-block-list\">\n<li>Finanzielle F\u00f6rderung f\u00fcr kleine und mittlere Unternehmen, welche bis zu 70 % der f\u00f6rderf\u00e4higen Kosten f\u00fcr die Umsetzung eines Projekts zur Reduzierung der Umweltbelastung deckt. Das zul\u00e4ssige Projektbudget muss zwischen 3.000 \u20ac und 25.000 \u20ac zzgl. MwSt. liegen.<\/li>\n\n\n\n<li>Bei Fragen:\n<ul class=\"wp-block-list\">\n<li><a href=\"mailto:ehandwierk@cdm.lu\" target=\"_blank\" rel=\"noreferrer noopener\">Chambre des M\u00e9tiers<\/a> f\u00fcr Handwerker<\/li>\n\n\n\n<li><a href=\"mailto:sustainability@cc.lu\" target=\"_blank\" rel=\"noreferrer noopener\">Chamber of Commerce<\/a> f\u00fcr Unternehmen im nicht-handwerklichen Bereich<\/li>\n<\/ul>\n<\/li>\n<\/ul>\n\n\n\n<p><strong><a href=\"https:\/\/guichet.public.lu\/de\/entreprises\/financement-aides\/aides-environnement\/industrie-services\/aide-protec-environnement.html\" data-type=\"link\" data-id=\"https:\/\/guichet.public.lu\/de\/entreprises\/financement-aides\/aides-environnement\/industrie-services\/aide-protec-environnement.html\" target=\"_blank\" rel=\"noopener\">Subventionen zum Umweltschutz<\/a><\/strong><\/p>\n\n\n\n<p>Das Gesetz vom 8. Dezember 2025 \u00fcber die Erneuerung der Beihilferegelung f\u00fcr den Umwelt- und Klimaschutz sieht die Gew\u00e4hrung von Investitionsbeihilfen f\u00fcr KMU sowie f\u00fcr gro\u00dfe Unternehmen vor, die in Luxemburg ans\u00e4ssig sind, \u00fcber eine Niederlassungsgenehmigung verf\u00fcgen und Projekte durchf\u00fchren, die zum Umwelt- oder Klimaschutz beitragen.<br>Diese Beihilfe unterst\u00fctzt Investitionen zur Verbesserung der Energieeffizienz au\u00dferhalb von Geb\u00e4uden. Sie richtet sich an Initiativen, die entweder eine Reduzierung des Energieverbrauchs um mindestens 20 % oder Energieeinsparungen von mindestens 250 MWh pro Jahr erm\u00f6glichen.<\/p>\n\n\n\n<p>Es gelten folgende H\u00f6chsts\u00e4tze:<\/p>\n\n\n\n<figure class=\"wp-block-table\"><table class=\"has-fixed-layout\"><thead><tr><th scope=\"col\" rowspan=\"2\">Aktivit\u00e4t<\/th><th scope=\"colgroup\" colspan=\"3\">Unternehmensgr\u00f6\u00dfe<\/th><\/tr><tr><th scope=\"col\">Klein<\/th><th scope=\"col\">Mittel<\/th><th scope=\"col\">Gro\u00df<\/th><\/tr><\/thead><tbody><tr><th scope=\"row\">Energieeffizienz au\u00dferhalb von Geb\u00e4uden<\/th><td>25&nbsp;%<\/td><td>20&nbsp;%<\/td><td>15&nbsp;%<\/td><\/tr><\/tbody><\/table><figcaption class=\"wp-element-caption\">H\u00f6chstsatz f\u00fcr Beihilfen im Rahmen von Artikel 7<\/figcaption><\/figure>\n\n\n\n<p>Wenn eine Anlage zu einer bestehenden Anlage hinzugef\u00fcgt wird und keine weniger umweltfreundliche kontrafaktische Investition vorliegt, wird der Beihilfesatz aus der obigen Tabelle verdoppelt.<br>KMU k\u00f6nnen auf einfachen Antrag hin eine Beihilfe erhalten, wenn sie die in Artikel 7 dieses Gesetzes beschriebenen Bedingungen erf\u00fcllen, sofern die Beihilfe weniger als 100.000 Euro und mehr als 50.000 Euro betr\u00e4gt.<br>Gro\u00dfe Unternehmen sowie KMU k\u00f6nnen sich ebenfalls an regelm\u00e4\u00dfig organisierten Projektausschreibungen beteiligen, die nachstehend bekannt gegeben werden, sobald sie aktuell sind.<br>Die Pr\u00fcfung der F\u00f6rderf\u00e4higkeit der Antr\u00e4ge erfolgt durch die <a href=\"https:\/\/guichet.public.lu\/de\/citoyens\/organismes\/organismes_entreprises\/ministere-economie\/direction-recherche-innov.html\" data-type=\"link\" data-id=\"https:\/\/guichet.public.lu\/de\/citoyens\/organismes\/organismes_entreprises\/ministere-economie\/direction-recherche-innov.html\" target=\"_blank\" rel=\"noopener\">Generaldirektion Staatliche Beihilfen und Finanzierung f\u00fcr Unternehmen (Finanzierung und staatliche Beihilfen)<\/a>.<\/p>\n\n\n\n<ul class=\"wp-block-list\">\n<li>F\u00fcr Unterst\u00fctzung oder Fragen zum Verfahren wenden Sie sich bitte an <a href=\"mailto:Aides@luxinnovation.lu\" data-type=\"mailto\" data-id=\"mailto:Aides@luxinnovation.lu\">Luxinnovation<\/a>.<\/li>\n<\/ul>\n\n\n\n<p><a href=\"https:\/\/guichet.public.lu\/de\/entreprises\/financement-aides\/aides-environnement\/industrie-services\/aide-protec-environnement.html\" data-type=\"link\" data-id=\"https:\/\/guichet.public.lu\/de\/entreprises\/financement-aides\/aides-environnement\/industrie-services\/aide-protec-environnement.html\" target=\"_blank\" rel=\"noopener\"><strong>Projektaufruf f\u00fcr Ma\u00dfnahmen zur F\u00f6rderung der Energieeffizienz au\u00dferhalb von Geb\u00e4uden<\/strong><\/a><\/p>\n\n\n\n<p>Ein Projektaufruf ist vom 5. Januar 2026 bis zum 30. Juni 2026 ge\u00f6ffnet, um Ma\u00dfnahmen zur Verbesserung der Energieeffizienz au\u00dferhalb von Geb\u00e4uden zu unterst\u00fctzen.<br>Dieser Projektaufruf erfolgt nach dem Prinzip \u201efirst come, first served\u201c. Das bedeutet, dass Subventionen in der Reihenfolge des Eingangs der Antr\u00e4ge gew\u00e4hrt werden, bis das Budget von 15 Millionen Euro ausgesch\u00f6pft ist.<br>Es wird kein Lastenheft ver\u00f6ffentlicht; es gelten ausschlie\u00dflich die im Gesetz vom 8. Dezember 2025 \u00fcber die Erneuerung des F\u00f6rderregimes f\u00fcr Umwelt- und Klimaschutz festgelegten Bedingungen.<\/p>\n\n\n\n<ul class=\"wp-block-list\">\n<li>Weitere Informationen: <a href=\"https:\/\/guichet.public.lu\/de\/entreprises\/financement-aides\/aides-environnement\/industrie-services\/aide-protec-environnement.html\" data-type=\"link\" data-id=\"https:\/\/guichet.public.lu\/de\/entreprises\/financement-aides\/aides-environnement\/industrie-services\/aide-protec-environnement.html\" target=\"_blank\" rel=\"noopener\">myguichet.lu<\/a><\/li>\n\n\n\n<li>Bei Fragen wenden Sie sich bitte an <a href=\"mailto:Aides@luxinnovation.lu\" data-type=\"mailto\" data-id=\"mailto:Aides@luxinnovation.lu\">Luxinnovation<\/a>.<\/li>\n<\/ul>\n\n\n\n<p>Hinweis: Staatliche Beihilfen k\u00f6nnen f\u00fcr ein Projekt nicht miteinander kumuliert werden.<\/p>\n<\/div><\/div>\n\n\n\n<h4 class=\"wp-block-heading\">Beihilfen von Strom- und Gasversorgern<\/h4>\n\n\n\n<p>Seit 2015 sind Strom- und Gasversorger im Rahmen des Verpflichtungssystems aufgefordert, Energieeinsparungen bei den Verbrauchern zu erzielen. Seitdem bieten die Energieversorger Unterst\u00fctzung und Beratung sowie F\u00f6rderprogramme f\u00fcr Verbraucher bei der Umsetzung von Energieeffizienzma\u00dfnahmen an.<\/p>\n\n\n\n<p>Die Versorger, die diesen Service f\u00fcr Unternehmen anbieten, sind folgende:<\/p>\n\n\n\n<ul class=\"wp-block-list\">\n<li><a href=\"https:\/\/www.enoprimes.lu\/de\/unternehmen\/\" target=\"_blank\" rel=\"noreferrer noopener\">Enovos + SUDenergie<\/a><\/li>\n\n\n\n<li><a href=\"https:\/\/sudenergie.lu\/service\/energiesparen\" target=\"_blank\" rel=\"noreferrer noopener\">SUDenergie<\/a><\/li>\n\n\n\n<li><a href=\"https:\/\/www.sudstroum.lu\/de\/hauptseite-kundenservice\/energieberatung-finanzielle-unterstutzung\/\" target=\"_blank\" rel=\"noreferrer noopener\">Sudstroum<\/a><\/li>\n<\/ul>\n\n\n\n<p>Hinweis: Die Beihilfen der Versorger k\u00f6nnen mit jeder staatlichen Beihilfe f\u00fcr dasselbe Projekt kumuliert werden.Die Energieeinsparungen werden auf 10-20 % f\u00fcr den K\u00e4lteverbrauch gesch\u00e4tzt, was auch zu einer leichten Verringerung des CO2-Aussto\u00dfes beitr\u00e4gt.<\/p>\n","protected":false},"featured_media":4188,"parent":0,"template":"","secteur":[82,139,80,122],"thematique":[91],"application":[111],"class_list":["post-4230","mesures","type-mesures","status-publish","has-post-thumbnail","hentry","secteur-handel","secteur-lebensmittelgeschaft","secteur-handwerk","secteur-metzgerei","thematique-energie-de","application-kuehlung"],"acf":[],"_links":{"self":[{"href":"https:\/\/www.klimapaktfirbetriber.lu\/de\/wp-json\/wp\/v2\/mesures\/4230","targetHints":{"allow":["GET"]}}],"collection":[{"href":"https:\/\/www.klimapaktfirbetriber.lu\/de\/wp-json\/wp\/v2\/mesures"}],"about":[{"href":"https:\/\/www.klimapaktfirbetriber.lu\/de\/wp-json\/wp\/v2\/types\/mesures"}],"version-history":[{"count":10,"href":"https:\/\/www.klimapaktfirbetriber.lu\/de\/wp-json\/wp\/v2\/mesures\/4230\/revisions"}],"predecessor-version":[{"id":2813476,"href":"https:\/\/www.klimapaktfirbetriber.lu\/de\/wp-json\/wp\/v2\/mesures\/4230\/revisions\/2813476"}],"wp:featuredmedia":[{"embeddable":true,"href":"https:\/\/www.klimapaktfirbetriber.lu\/de\/wp-json\/wp\/v2\/media\/4188"}],"wp:attachment":[{"href":"https:\/\/www.klimapaktfirbetriber.lu\/de\/wp-json\/wp\/v2\/media?parent=4230"}],"wp:term":[{"taxonomy":"secteur","embeddable":true,"href":"https:\/\/www.klimapaktfirbetriber.lu\/de\/wp-json\/wp\/v2\/secteur?post=4230"},{"taxonomy":"thematique","embeddable":true,"href":"https:\/\/www.klimapaktfirbetriber.lu\/de\/wp-json\/wp\/v2\/thematique?post=4230"},{"taxonomy":"application","embeddable":true,"href":"https:\/\/www.klimapaktfirbetriber.lu\/de\/wp-json\/wp\/v2\/application?post=4230"}],"curies":[{"name":"wp","href":"https:\/\/api.w.org\/{rel}","templated":true}]}}

Lebensmittelgeschäft: Anbringen von Sonnenschutzfolien

<h2 class="wp-block-heading">Anbringen von Sonnenschutzfolien</h2>



<p>Im Rahmen des Projekts werden auf den Außenverglasungen Sonnenschutzfolien angebracht, die den Eintrag von Sonnenwärme in das Innere des Gebäudes verringern. Im Sommer werden der Bedarf an Klimaanlagen und der damit verbundene Energieverbrauch reduziert. Im Winter kann der Heizbedarf und der damit verbundene Energieverbrauch leicht ansteigen.</p>



<p>Sonnenschutzfolien eignen sich für bestehende Dienstleistungsgebäude, Schaufenster und Geschäfte, die mit Glasflächen ausgestattet sind, die aufgrund der Sonneneinstrahlung zu einer Überhitzung und einem erhöhten Klimatisierungsbedarf führen können.</p>



<p>Die Installation dieser Technologie, die seit mehr als fünf Jahren auf dem Markt erhältlich ist, wird es dem Unternehmen ermöglichen, Strom zu sparen, während es gleichzeitig seinen CO2-Ausstoß verringert, aber vor allem den Komfort verbessert. Diese Maßnahme ist relativ einfach umzusetzen, amortisiert sich in kurzer Zeit und kann ohne Produktionsstopp durchgeführt werden.</p>



<p>Es gibt verschiedene Typen von Sonnenschutzfolien, die es ermöglichen, die Sonneneinstrahlung je nach Bedarf und Jahreszeit zu steuern und so im Winter wie im Sommer Wärmeschutz und thermische Optimierung zu gewährleisten, ohne an Helligkeit zu verlieren.</p>



<!--more-->



<p></p>



<h3 class="type-numerotation"><span class="type-numerotation-span visually-hidden"></span>Energie- und Umweltauswirkungen</h3>



<p>Das Anbringen von Sonnenschutzfolien bietet viele Vorteile:</p>



<ul class="wp-block-list">
<li>Erhebliche Verringerung des solaren Wärmeeintrags im Sommer</li>



<li>Bessere Isolierung im Winter</li>



<li>Kein Helligkeitsverlust</li>



<li>Verminderte Blendung</li>



<li>UV-Schutz für Möbel und Dekorationsgegenstände</li>



<li>Kann an Innen- oder Außenverglasungen angebracht werden, ohne den Betrieb zu beeinträchtigen</li>
</ul>



<h3 class="type-numerotation"><span class="type-numerotation-span visually-hidden"></span>Beantragung von Beihilfen</h3>



<div class="wp-block-group has-light-green-background-color has-background"><div class="wp-block-group__inner-container is-layout-constrained wp-block-group-is-layout-constrained">
<h4 class="wp-block-heading">Staatliche Beihilfen</h4>



<p><strong>Achtung: Anreizwirkung, die bei der Beantragung von (staatlicher oder nichtstaatlicher) Beihilfe und unter der Voraussetzung, dass die Förderkriterien erfüllt sind, eingehalten werden muss.</strong><br>Um die „Anreizwirkung“ zu wahren, dürfen keine verbindlichen Verpflichtungen (Unterzeichnung eines Kostenvoranschlags; Anzahlung) eingegangen werden, BEVOR die Antragsunterlagen eingereicht wurden oder der Staat oder der Strom- und Gasversorger aufgrund eines Antrags auf Zuschüsse eine grundsätzliche Zustimmung erteilt hat.</p>



<p><a href="https://guichet.public.lu/fr/entreprises/financement-aides/regime-sme-packages/soutien-pme/sme-packages-sustainability.html" target="_blank" rel="noreferrer noopener"><strong>SME </strong></a><strong><a href="https://guichet.public.lu/de/entreprises/financement-aides/regime-sme-packages/soutien-pme/sme-packages-sustainability.html" target="_blank" rel="noreferrer noopener">Packages </a></strong><a href="https://guichet.public.lu/de/entreprises/financement-aides/regime-sme-packages/soutien-pme/sme-packages-sustainability.html" target="_blank" rel="noreferrer noopener"><strong>&#8211; Sustainability</strong></a></p>



<ul class="wp-block-list">
<li>Finanzielle Förderung für kleine und mittlere Unternehmen, welche bis zu 70 % der förderfähigen Kosten für die Umsetzung eines Projekts zur Reduzierung der Umweltbelastung deckt. Das zulässige Projektbudget muss zwischen 3.000 € und 25.000 € zzgl. MwSt. liegen.</li>



<li>Bei Fragen:
<ul class="wp-block-list">
<li><a href="mailto:ehandwierk@cdm.lu" target="_blank" rel="noreferrer noopener">Chambre des Métiers</a> für Handwerker</li>



<li><a href="mailto:sustainability@cc.lu" target="_blank" rel="noreferrer noopener">Chamber of Commerce</a> für Unternehmen im nicht-handwerklichen Bereich</li>
</ul>
</li>
</ul>



<p><strong><a href="https://guichet.public.lu/de/entreprises/financement-aides/aides-environnement/industrie-services/aide-protec-environnement.html" data-type="link" data-id="https://guichet.public.lu/de/entreprises/financement-aides/aides-environnement/industrie-services/aide-protec-environnement.html" target="_blank" rel="noopener">Subventionen zum Umweltschutz</a></strong></p>



<p>Das Gesetz vom 8. Dezember 2025 über die Erneuerung der Beihilferegelung für den Umwelt- und Klimaschutz sieht die Gewährung von Investitionsbeihilfen für KMU sowie für große Unternehmen vor, die in Luxemburg ansässig sind, über eine Niederlassungsgenehmigung verfügen und Projekte durchführen, die zum Umwelt- oder Klimaschutz beitragen.<br>Diese Beihilfe unterstützt Investitionen zur Verbesserung der Energieeffizienz außerhalb von Gebäuden. Sie richtet sich an Initiativen, die entweder eine Reduzierung des Energieverbrauchs um mindestens 20 % oder Energieeinsparungen von mindestens 250 MWh pro Jahr ermöglichen.</p>



<p>Es gelten folgende Höchstsätze:</p>



<figure class="wp-block-table"><table class="has-fixed-layout"><thead><tr><th scope="col" rowspan="2">Aktivität</th><th scope="colgroup" colspan="3">Unternehmensgröße</th></tr><tr><th scope="col">Klein</th><th scope="col">Mittel</th><th scope="col">Groß</th></tr></thead><tbody><tr><th scope="row">Energieeffizienz außerhalb von Gebäuden</th><td>25&nbsp;%</td><td>20&nbsp;%</td><td>15&nbsp;%</td></tr></tbody></table><figcaption class="wp-element-caption">Höchstsatz für Beihilfen im Rahmen von Artikel 7</figcaption></figure>



<p>Wenn eine Anlage zu einer bestehenden Anlage hinzugefügt wird und keine weniger umweltfreundliche kontrafaktische Investition vorliegt, wird der Beihilfesatz aus der obigen Tabelle verdoppelt.<br>KMU können auf einfachen Antrag hin eine Beihilfe erhalten, wenn sie die in Artikel 7 dieses Gesetzes beschriebenen Bedingungen erfüllen, sofern die Beihilfe weniger als 100.000 Euro und mehr als 50.000 Euro beträgt.<br>Große Unternehmen sowie KMU können sich ebenfalls an regelmäßig organisierten Projektausschreibungen beteiligen, die nachstehend bekannt gegeben werden, sobald sie aktuell sind.<br>Die Prüfung der Förderfähigkeit der Anträge erfolgt durch die <a href="https://guichet.public.lu/de/citoyens/organismes/organismes_entreprises/ministere-economie/direction-recherche-innov.html" data-type="link" data-id="https://guichet.public.lu/de/citoyens/organismes/organismes_entreprises/ministere-economie/direction-recherche-innov.html" target="_blank" rel="noopener">Generaldirektion Staatliche Beihilfen und Finanzierung für Unternehmen (Finanzierung und staatliche Beihilfen)</a>.</p>



<ul class="wp-block-list">
<li>Für Unterstützung oder Fragen zum Verfahren wenden Sie sich bitte an <a href="mailto:Aides@luxinnovation.lu" data-type="mailto" data-id="mailto:Aides@luxinnovation.lu">Luxinnovation</a>.</li>
</ul>



<p><a href="https://guichet.public.lu/de/entreprises/financement-aides/aides-environnement/industrie-services/aide-protec-environnement.html" data-type="link" data-id="https://guichet.public.lu/de/entreprises/financement-aides/aides-environnement/industrie-services/aide-protec-environnement.html" target="_blank" rel="noopener"><strong>Projektaufruf für Maßnahmen zur Förderung der Energieeffizienz außerhalb von Gebäuden</strong></a></p>



<p>Ein Projektaufruf ist vom 5. Januar 2026 bis zum 30. Juni 2026 geöffnet, um Maßnahmen zur Verbesserung der Energieeffizienz außerhalb von Gebäuden zu unterstützen.<br>Dieser Projektaufruf erfolgt nach dem Prinzip „first come, first served“. Das bedeutet, dass Subventionen in der Reihenfolge des Eingangs der Anträge gewährt werden, bis das Budget von 15 Millionen Euro ausgeschöpft ist.<br>Es wird kein Lastenheft veröffentlicht; es gelten ausschließlich die im Gesetz vom 8. Dezember 2025 über die Erneuerung des Förderregimes für Umwelt- und Klimaschutz festgelegten Bedingungen.</p>



<ul class="wp-block-list">
<li>Weitere Informationen: <a href="https://guichet.public.lu/de/entreprises/financement-aides/aides-environnement/industrie-services/aide-protec-environnement.html" data-type="link" data-id="https://guichet.public.lu/de/entreprises/financement-aides/aides-environnement/industrie-services/aide-protec-environnement.html" target="_blank" rel="noopener">myguichet.lu</a></li>



<li>Bei Fragen wenden Sie sich bitte an <a href="mailto:Aides@luxinnovation.lu" data-type="mailto" data-id="mailto:Aides@luxinnovation.lu">Luxinnovation</a>.</li>
</ul>



<p>Hinweis: Staatliche Beihilfen können für ein Projekt nicht miteinander kumuliert werden.</p>
</div></div>



<h4 class="wp-block-heading">Beihilfen von Strom- und Gasversorgern</h4>



<p>Seit 2015 sind Strom- und Gasversorger im Rahmen des Verpflichtungssystems aufgefordert, Energieeinsparungen bei den Verbrauchern zu erzielen. Seitdem bieten die Energieversorger Unterstützung und Beratung sowie Förderprogramme für Verbraucher bei der Umsetzung von Energieeffizienzmaßnahmen an.</p>



<p>Die Versorger, die diesen Service für Unternehmen anbieten, sind folgende:</p>



<ul class="wp-block-list">
<li><a href="https://www.enoprimes.lu/de/unternehmen/" target="_blank" rel="noreferrer noopener">Enovos + SUDenergie</a></li>



<li><a href="https://sudenergie.lu/service/energiesparen" target="_blank" rel="noreferrer noopener">SUDenergie</a></li>



<li><a href="https://www.sudstroum.lu/de/hauptseite-kundenservice/energieberatung-finanzielle-unterstutzung/" target="_blank" rel="noreferrer noopener">Sudstroum</a></li>
</ul>



<p>Hinweis: Die Beihilfen der Versorger können mit jeder staatlichen Beihilfe für dasselbe Projekt kumuliert werden.Die Energieeinsparungen werden auf 10-20 % für den Kälteverbrauch geschätzt, was auch zu einer leichten Verringerung des CO2-Ausstoßes beiträgt.</p>
