{"id":1476,"date":"2023-07-17T16:12:34","date_gmt":"2023-07-17T14:12:34","guid":{"rendered":"https:\/\/klimapaktfirbetriber.lu\/cas-pratiques\/optimisation-de-leclairage-a-la-menuiserie-becker\/"},"modified":"2024-02-26T15:22:29","modified_gmt":"2024-02-26T14:22:29","slug":"lighting-optimisation-at-the-carpentry-becker","status":"publish","type":"cas-pratiques","link":"https:\/\/www.klimapaktfirbetriber.lu\/en\/case-studies\/lighting-optimisation-at-the-carpentry-becker\/","title":{"rendered":"Lighting optimisation at the carpentry Becker"},"content":{"rendered":"\n<div class=\"wp-block-group\"><div class=\"wp-block-group__inner-container is-layout-constrained wp-block-group-is-layout-constrained\">\n<h2 class=\"wp-block-heading\">Company profile<\/h2>\n\n\n\n<p>The carpentry workshop Arnold Becker S.\u00e0.r.l. and its 22 employees are located on the Echternach industrial park. The company designs, produces and installs windows, doors, staircases, furniture and kitchens of its own manufacture.<\/p>\n\n\n\n<p>The carpentry works constantly to reduce its carbon footprint and, from an economic standpoint, to cut significant energy costs so that it can continue to produce competitively.<\/p>\n<\/div><\/div>\n\n\n\n<div class=\"wp-block-group etape\"><div class=\"wp-block-group__inner-container is-layout-flow wp-block-group-is-layout-flow\">\n<h2 class=\"wp-block-heading special\" id=\"idee\">Idea<\/h2>\n\n\n\n<h3 class=\"wp-block-heading\">Lighting replacement and optimisation<\/h3>\n\n\n\n<p>The management of the carpentry business decided to &#8216;relamp&#8217; its entire facility, including the production halls, showroom and administrative area. This meant replacing all of the lighting, which consisted mainly of fluorescent tubes, with LED sources, without replacing the lighting units themselves.<\/p>\n<\/div><\/div>\n\n\n\n<div class=\"wp-block-group etape\"><div class=\"wp-block-group__inner-container is-layout-flow wp-block-group-is-layout-flow\">\n<h2 class=\"wp-block-heading special\" id=\"conception\">Design<\/h2>\n\n\n\n<h3 class=\"wp-block-heading\">Exchange with the Chambre des M\u00e9tiers<\/h3>\n\n\n\n<p>&#8220;We found out about the <strong>SME-Package Sustainability<\/strong> financial assistance programme through the Chambre des M\u00e9tiers newsletters. After discussions with the Chambre des M\u00e9tiers, the grant application was drawn up in consultation with us&#8221;, explains Simon Becker of Arnold Becker S.\u00e0.r.l.. The receipt of the lump-sum subsidy was acknowledged fairly quickly, and the carpentry firm was then able to place the order for the installation.<\/p>\n<\/div><\/div>\n\n\n\n<div class=\"wp-block-group etape\"><div class=\"wp-block-group__inner-container is-layout-flow wp-block-group-is-layout-flow\">\n<h2 class=\"wp-block-heading special\" id=\"mise-oeuvre\">Implementation<\/h2>\n\n\n\n<h3 class=\"wp-block-heading\"><strong>Upgrading the lighting to LED bulbs<\/strong><\/h3>\n\n\n\n<p>The carpentry workshop used its own lifting platform to relamp the lighting, which allowed the conversion to LED lamps to be completed within two weeks and without any notable difficulties. According to Mr Becker, the entire project, from the idea to the execution, took about three months.<\/p>\n<\/div><\/div>\n\n\n\n<div class=\"wp-block-group etape\"><div class=\"wp-block-group__inner-container is-layout-flow wp-block-group-is-layout-flow\">\n<h2 class=\"wp-block-heading special\" id=\"resultat\">Results<\/h2>\n\n\n\n<h3 class=\"wp-block-heading\">Savings on electricity bills<\/h3>\n\n\n\n<p>The savings are not yet reflected in the electricity bill, but the company commissioned has estimated annual savings of around 27,000 kWh.&nbsp; In retrospect, the implementation of such a measure is highly recommended, as it is inexpensive and, coupled with the reported financial support, has a short payback period. Other advantages of relamping include the longer lifespan of the light source, which reduces the replacement rate and associated costs. Secondly, unlike fluorescent tubes, LED technology ensures that the lighting intensity is not reduced in production halls at lower temperatures, thereby improving working conditions.<\/p>\n<\/div><\/div>\n\n\n\n<figure class=\"wp-block-gallery has-nested-images columns-default is-cropped wp-block-gallery-1 is-layout-flex wp-block-gallery-is-layout-flex\">\n<figure class=\"wp-block-image size-large\"><img decoding=\"async\" width=\"1024\" height=\"576\" data-id=\"1061\" src=\"https:\/\/klimapaktfirbetriber.lu\/wp-content\/uploads\/2023\/07\/VideoCapture_20230524-132605-1024x576.jpg\" alt=\"\" class=\"wp-image-1061\" srcset=\"https:\/\/www.klimapaktfirbetriber.lu\/wp-content\/uploads\/2023\/07\/VideoCapture_20230524-132605-1024x576.jpg 1024w, https:\/\/www.klimapaktfirbetriber.lu\/wp-content\/uploads\/2023\/07\/VideoCapture_20230524-132605-300x169.jpg 300w, https:\/\/www.klimapaktfirbetriber.lu\/wp-content\/uploads\/2023\/07\/VideoCapture_20230524-132605-768x432.jpg 768w, https:\/\/www.klimapaktfirbetriber.lu\/wp-content\/uploads\/2023\/07\/VideoCapture_20230524-132605-1536x864.jpg 1536w, https:\/\/www.klimapaktfirbetriber.lu\/wp-content\/uploads\/2023\/07\/VideoCapture_20230524-132605.jpg 1920w\" sizes=\"(max-width: 1024px) 100vw, 1024px\" \/><figcaption class=\"wp-element-caption\">Schreinerei Becker<\/figcaption><\/figure>\n\n\n\n<figure class=\"wp-block-image size-large\"><img decoding=\"async\" width=\"1024\" height=\"768\" data-id=\"1058\" src=\"https:\/\/klimapaktfirbetriber.lu\/wp-content\/uploads\/2023\/07\/IMG_0678-1024x768.jpeg\" alt=\"\" class=\"wp-image-1058\" srcset=\"https:\/\/www.klimapaktfirbetriber.lu\/wp-content\/uploads\/2023\/07\/IMG_0678-1024x768.jpeg 1024w, https:\/\/www.klimapaktfirbetriber.lu\/wp-content\/uploads\/2023\/07\/IMG_0678-300x225.jpeg 300w, https:\/\/www.klimapaktfirbetriber.lu\/wp-content\/uploads\/2023\/07\/IMG_0678-768x576.jpeg 768w, https:\/\/www.klimapaktfirbetriber.lu\/wp-content\/uploads\/2023\/07\/IMG_0678-1536x1152.jpeg 1536w, https:\/\/www.klimapaktfirbetriber.lu\/wp-content\/uploads\/2023\/07\/IMG_0678.jpeg 2048w\" sizes=\"(max-width: 1024px) 100vw, 1024px\" \/><figcaption class=\"wp-element-caption\">Showroom<\/figcaption><\/figure>\n\n\n\n<figure class=\"wp-block-image size-large\"><img decoding=\"async\" width=\"768\" height=\"1024\" data-id=\"1055\" src=\"https:\/\/klimapaktfirbetriber.lu\/wp-content\/uploads\/2023\/07\/IMG_0676-768x1024.jpeg\" alt=\"\" class=\"wp-image-1055\" srcset=\"https:\/\/www.klimapaktfirbetriber.lu\/wp-content\/uploads\/2023\/07\/IMG_0676-768x1024.jpeg 768w, https:\/\/www.klimapaktfirbetriber.lu\/wp-content\/uploads\/2023\/07\/IMG_0676-225x300.jpeg 225w, https:\/\/www.klimapaktfirbetriber.lu\/wp-content\/uploads\/2023\/07\/IMG_0676-1152x1536.jpeg 1152w, https:\/\/www.klimapaktfirbetriber.lu\/wp-content\/uploads\/2023\/07\/IMG_0676.jpeg 1536w\" sizes=\"(max-width: 768px) 100vw, 768px\" \/><figcaption class=\"wp-element-caption\">Showroom<\/figcaption><\/figure>\n\n\n\n<figure class=\"wp-block-image size-large\"><img decoding=\"async\" width=\"1024\" height=\"768\" data-id=\"1049\" src=\"https:\/\/klimapaktfirbetriber.lu\/wp-content\/uploads\/2023\/07\/IMG_0674-1024x768.jpeg\" alt=\"\" class=\"wp-image-1049\" srcset=\"https:\/\/www.klimapaktfirbetriber.lu\/wp-content\/uploads\/2023\/07\/IMG_0674-1024x768.jpeg 1024w, https:\/\/www.klimapaktfirbetriber.lu\/wp-content\/uploads\/2023\/07\/IMG_0674-300x225.jpeg 300w, https:\/\/www.klimapaktfirbetriber.lu\/wp-content\/uploads\/2023\/07\/IMG_0674-768x576.jpeg 768w, https:\/\/www.klimapaktfirbetriber.lu\/wp-content\/uploads\/2023\/07\/IMG_0674-1536x1152.jpeg 1536w, https:\/\/www.klimapaktfirbetriber.lu\/wp-content\/uploads\/2023\/07\/IMG_0674.jpeg 2048w\" sizes=\"(max-width: 1024px) 100vw, 1024px\" \/><figcaption class=\"wp-element-caption\">Halles de production<\/figcaption><\/figure>\n<\/figure>\n","protected":false},"featured_media":1543,"template":"","thematique":[78],"class_list":["post-1476","cas-pratiques","type-cas-pratiques","status-publish","has-post-thumbnail","hentry","thematique-energie-en"],"acf":[],"_links":{"self":[{"href":"https:\/\/www.klimapaktfirbetriber.lu\/en\/wp-json\/wp\/v2\/cas-pratiques\/1476","targetHints":{"allow":["GET"]}}],"collection":[{"href":"https:\/\/www.klimapaktfirbetriber.lu\/en\/wp-json\/wp\/v2\/cas-pratiques"}],"about":[{"href":"https:\/\/www.klimapaktfirbetriber.lu\/en\/wp-json\/wp\/v2\/types\/cas-pratiques"}],"version-history":[{"count":2,"href":"https:\/\/www.klimapaktfirbetriber.lu\/en\/wp-json\/wp\/v2\/cas-pratiques\/1476\/revisions"}],"predecessor-version":[{"id":3152,"href":"https:\/\/www.klimapaktfirbetriber.lu\/en\/wp-json\/wp\/v2\/cas-pratiques\/1476\/revisions\/3152"}],"wp:featuredmedia":[{"embeddable":true,"href":"https:\/\/www.klimapaktfirbetriber.lu\/en\/wp-json\/wp\/v2\/media\/1543"}],"wp:attachment":[{"href":"https:\/\/www.klimapaktfirbetriber.lu\/en\/wp-json\/wp\/v2\/media?parent=1476"}],"wp:term":[{"taxonomy":"thematique","embeddable":true,"href":"https:\/\/www.klimapaktfirbetriber.lu\/en\/wp-json\/wp\/v2\/thematique?post=1476"}],"curies":[{"name":"wp","href":"https:\/\/api.w.org\/{rel}","templated":true}]}}

<div class="wp-block-group"><div class="wp-block-group__inner-container is-layout-constrained wp-block-group-is-layout-constrained">
<h2 class="wp-block-heading">Company profile</h2>



<p>The carpentry workshop Arnold Becker S.à.r.l. and its 22 employees are located on the Echternach industrial park. The company designs, produces and installs windows, doors, staircases, furniture and kitchens of its own manufacture.</p>



<p>The carpentry works constantly to reduce its carbon footprint and, from an economic standpoint, to cut significant energy costs so that it can continue to produce competitively.</p>
</div></div>



<div class="wp-block-group etape"><div class="wp-block-group__inner-container is-layout-flow wp-block-group-is-layout-flow">
<h2 class="wp-block-heading special" id="idee">Idea</h2>



<h3 class="wp-block-heading">Lighting replacement and optimisation</h3>



<p>The management of the carpentry business decided to &#8216;relamp&#8217; its entire facility, including the production halls, showroom and administrative area. This meant replacing all of the lighting, which consisted mainly of fluorescent tubes, with LED sources, without replacing the lighting units themselves.</p>
</div></div>



<div class="wp-block-group etape"><div class="wp-block-group__inner-container is-layout-flow wp-block-group-is-layout-flow">
<h2 class="wp-block-heading special" id="conception">Design</h2>



<h3 class="wp-block-heading">Exchange with the Chambre des Métiers</h3>



<p>&#8220;We found out about the <strong>SME-Package Sustainability</strong> financial assistance programme through the Chambre des Métiers newsletters. After discussions with the Chambre des Métiers, the grant application was drawn up in consultation with us&#8221;, explains Simon Becker of Arnold Becker S.à.r.l.. The receipt of the lump-sum subsidy was acknowledged fairly quickly, and the carpentry firm was then able to place the order for the installation.</p>
</div></div>



<div class="wp-block-group etape"><div class="wp-block-group__inner-container is-layout-flow wp-block-group-is-layout-flow">
<h2 class="wp-block-heading special" id="mise-oeuvre">Implementation</h2>



<h3 class="wp-block-heading"><strong>Upgrading the lighting to LED bulbs</strong></h3>



<p>The carpentry workshop used its own lifting platform to relamp the lighting, which allowed the conversion to LED lamps to be completed within two weeks and without any notable difficulties. According to Mr Becker, the entire project, from the idea to the execution, took about three months.</p>
</div></div>



<div class="wp-block-group etape"><div class="wp-block-group__inner-container is-layout-flow wp-block-group-is-layout-flow">
<h2 class="wp-block-heading special" id="resultat">Results</h2>



<h3 class="wp-block-heading">Savings on electricity bills</h3>



<p>The savings are not yet reflected in the electricity bill, but the company commissioned has estimated annual savings of around 27,000 kWh.&nbsp; In retrospect, the implementation of such a measure is highly recommended, as it is inexpensive and, coupled with the reported financial support, has a short payback period. Other advantages of relamping include the longer lifespan of the light source, which reduces the replacement rate and associated costs. Secondly, unlike fluorescent tubes, LED technology ensures that the lighting intensity is not reduced in production halls at lower temperatures, thereby improving working conditions.</p>
</div></div>



<figure class="wp-block-gallery has-nested-images columns-default is-cropped wp-block-gallery-1 is-layout-flex wp-block-gallery-is-layout-flex">
<figure class="wp-block-image size-large"><img decoding="async" width="1024" height="576" data-id="1061" src="https://klimapaktfirbetriber.lu/wp-content/uploads/2023/07/VideoCapture_20230524-132605-1024x576.jpg" alt="" class="wp-image-1061" srcset="https://www.klimapaktfirbetriber.lu/wp-content/uploads/2023/07/VideoCapture_20230524-132605-1024x576.jpg 1024w, https://www.klimapaktfirbetriber.lu/wp-content/uploads/2023/07/VideoCapture_20230524-132605-300x169.jpg 300w, https://www.klimapaktfirbetriber.lu/wp-content/uploads/2023/07/VideoCapture_20230524-132605-768x432.jpg 768w, https://www.klimapaktfirbetriber.lu/wp-content/uploads/2023/07/VideoCapture_20230524-132605-1536x864.jpg 1536w, https://www.klimapaktfirbetriber.lu/wp-content/uploads/2023/07/VideoCapture_20230524-132605.jpg 1920w" sizes="(max-width: 1024px) 100vw, 1024px" /><figcaption class="wp-element-caption">Schreinerei Becker</figcaption></figure>



<figure class="wp-block-image size-large"><img decoding="async" width="1024" height="768" data-id="1058" src="https://klimapaktfirbetriber.lu/wp-content/uploads/2023/07/IMG_0678-1024x768.jpeg" alt="" class="wp-image-1058" srcset="https://www.klimapaktfirbetriber.lu/wp-content/uploads/2023/07/IMG_0678-1024x768.jpeg 1024w, https://www.klimapaktfirbetriber.lu/wp-content/uploads/2023/07/IMG_0678-300x225.jpeg 300w, https://www.klimapaktfirbetriber.lu/wp-content/uploads/2023/07/IMG_0678-768x576.jpeg 768w, https://www.klimapaktfirbetriber.lu/wp-content/uploads/2023/07/IMG_0678-1536x1152.jpeg 1536w, https://www.klimapaktfirbetriber.lu/wp-content/uploads/2023/07/IMG_0678.jpeg 2048w" sizes="(max-width: 1024px) 100vw, 1024px" /><figcaption class="wp-element-caption">Showroom</figcaption></figure>



<figure class="wp-block-image size-large"><img decoding="async" width="768" height="1024" data-id="1055" src="https://klimapaktfirbetriber.lu/wp-content/uploads/2023/07/IMG_0676-768x1024.jpeg" alt="" class="wp-image-1055" srcset="https://www.klimapaktfirbetriber.lu/wp-content/uploads/2023/07/IMG_0676-768x1024.jpeg 768w, https://www.klimapaktfirbetriber.lu/wp-content/uploads/2023/07/IMG_0676-225x300.jpeg 225w, https://www.klimapaktfirbetriber.lu/wp-content/uploads/2023/07/IMG_0676-1152x1536.jpeg 1152w, https://www.klimapaktfirbetriber.lu/wp-content/uploads/2023/07/IMG_0676.jpeg 1536w" sizes="(max-width: 768px) 100vw, 768px" /><figcaption class="wp-element-caption">Showroom</figcaption></figure>



<figure class="wp-block-image size-large"><img decoding="async" width="1024" height="768" data-id="1049" src="https://klimapaktfirbetriber.lu/wp-content/uploads/2023/07/IMG_0674-1024x768.jpeg" alt="" class="wp-image-1049" srcset="https://www.klimapaktfirbetriber.lu/wp-content/uploads/2023/07/IMG_0674-1024x768.jpeg 1024w, https://www.klimapaktfirbetriber.lu/wp-content/uploads/2023/07/IMG_0674-300x225.jpeg 300w, https://www.klimapaktfirbetriber.lu/wp-content/uploads/2023/07/IMG_0674-768x576.jpeg 768w, https://www.klimapaktfirbetriber.lu/wp-content/uploads/2023/07/IMG_0674-1536x1152.jpeg 1536w, https://www.klimapaktfirbetriber.lu/wp-content/uploads/2023/07/IMG_0674.jpeg 2048w" sizes="(max-width: 1024px) 100vw, 1024px" /><figcaption class="wp-element-caption">Halles de production</figcaption></figure>
</figure>
