{"id":2874084,"date":"2026-03-27T08:55:54","date_gmt":"2026-03-27T07:55:54","guid":{"rendered":"https:\/\/www.klimapaktfirbetriber.lu\/?post_type=cas-pratiques&#038;p=2874084"},"modified":"2026-03-30T10:36:40","modified_gmt":"2026-03-30T08:36:40","slug":"bamolux-electrification-fleet","status":"publish","type":"cas-pratiques","link":"https:\/\/www.klimapaktfirbetriber.lu\/en\/case-studies\/bamolux-electrification-fleet\/","title":{"rendered":"Bamolux accelerates the electrification of its professional fleet in Luxembourg"},"content":{"rendered":"\n<p>Founded in 1976 in Foetz, Bamolux accelerates the electrification of its professional fleet in Luxembourg is a Luxembourg-based company specialising in interior design and fit-out. Under the leadership of S\u00e9bastien Jungen, the company places social and environmental responsibility at the core of its strategy.<\/p>\n\n\n\n<p>This commitment is demonstrated through internationally recognised labels and certifications, including Certified B Corporation\u2122, as well as various distinctions highlighting quality, governance and environmental management. Today, Bamolux employs around 70 people.<\/p>\n\n\n\n<figure class=\"wp-block-embed is-type-video is-provider-youtube wp-block-embed-youtube wp-embed-aspect-16-9 wp-has-aspect-ratio\"><div class=\"wp-block-embed__wrapper\">\n<iframe title=\"Bamolux : transition r\u00e9ussie vers la mobilit\u00e9 \u00e9lectrique\" width=\"640\" height=\"360\" src=\"https:\/\/www.youtube.com\/embed\/xxqjRIqx6Mk?feature=oembed\" frameborder=\"0\" allow=\"accelerometer; autoplay; clipboard-write; encrypted-media; gyroscope; picture-in-picture; web-share\" referrerpolicy=\"strict-origin-when-cross-origin\" allowfullscreen><\/iframe>\n<\/div><\/figure>\n\n\n\n<div class=\"wp-block-group etape\"><div class=\"wp-block-group__inner-container is-layout-flow wp-block-group-is-layout-flow\">\n<p><\/p>\n\n\n\n<h2 class=\"wp-block-heading special\" id=\"idee\">Idea<\/h2>\n\n\n\n<h3 class=\"wp-block-heading\">Decarbonising business travel through full fleet electrification<\/h3>\n\n\n\n<p>Bamolux has decided to progressively electrify its car and van fleet in order to reduce emissions linked to business travel and improve the overall efficiency of its operations.<\/p>\n<\/div><\/div>\n\n\n\n<div class=\"wp-block-group etape\"><div class=\"wp-block-group__inner-container is-layout-flow wp-block-group-is-layout-flow\">\n<h2 class=\"wp-block-heading special\" id=\"conception\">Concept<\/h2>\n\n\n\n<h3 class=\"wp-block-heading\">Needs analysis and sizing of the electric fleet<\/h3>\n\n\n\n<p>Electrification began as early as 2016 with the introduction of a first electric vehicle.<\/p>\n\n\n\n<p>Several parameters were analysed to ensure appropriate sizing aligned with actual needs:<\/p>\n\n\n\n<ul class=\"wp-block-list\">\n<li>number of required charging points,<\/li>\n\n\n\n<li>types of vehicles (cars and vans),<\/li>\n\n\n\n<li>daily routes and distances travelled,<\/li>\n\n\n\n<li>user profiles (sales, technical staff, management),<\/li>\n\n\n\n<li>potential use for external clients.<\/li>\n<\/ul>\n\n\n\n<p>An internal support process was also implemented. Employees were able to test the vehicles to reduce reluctance and encourage buy-in. This process also included an assessment of employees\u2019 charging needs, which led to the installation of home charging points for some of them, financed by the company.<\/p>\n\n\n\n<p>In parallel, the company gathered early information on available subsidies for:<\/p>\n\n\n\n<ul class=\"wp-block-list\">\n<li>new zero-emission vehicles,<\/li>\n\n\n\n<li>on-site charging infrastructure.<\/li>\n<\/ul>\n\n\n\n<p><\/p>\n<\/div><\/div>\n\n\n\n<div class=\"wp-block-group etape\"><div class=\"wp-block-group__inner-container is-layout-flow wp-block-group-is-layout-flow\">\n<h2 class=\"wp-block-heading special\" id=\"mise-oeuvre\">Implementation<\/h2>\n\n\n\n<h3 class=\"wp-block-heading\">Deployment of the electric fleet and charging infrastructure<\/h3>\n\n\n\n<p>The transition to electric mobility required organisational adjustments. Route planning was revised to integrate charging times and optimise vehicle usage.<\/p>\n\n\n\n<p>Today, the fleet includes:<\/p>\n\n\n\n<ul class=\"wp-block-list\">\n<li>20 vehicles for commercial and operational use,<\/li>\n\n\n\n<li>7 charging points installed on-site,<\/li>\n\n\n\n<li>several charging points installed at employees\u2019 homes.<\/li>\n<\/ul>\n\n\n\n<p><\/p>\n<\/div><\/div>\n\n\n\n<div class=\"wp-block-group etape\"><div class=\"wp-block-group__inner-container is-layout-flow wp-block-group-is-layout-flow\">\n<h2 class=\"wp-block-heading special\" id=\"resultat\">Results<\/h2>\n\n\n\n<h3 class=\"wp-block-heading\">Increased operational efficiency and reduced CO\u2082 emissions<\/h3>\n\n\n\n<p>The electrification of the fleet has improved vehicle efficiency while significantly reducing its carbon footprint.<\/p>\n\n\n\n<p>Today, electric vehicles already represent a substantial share of the company\u2019s business travel. Each year, Bamolux covers nearly 464,000 kilometres electrically, representing almost half of all journeys.<\/p>\n\n\n\n<p><\/p>\n<\/div><\/div>\n","protected":false},"featured_media":2873990,"template":"","thematique":[99],"class_list":["post-2874084","cas-pratiques","type-cas-pratiques","status-publish","has-post-thumbnail","hentry","thematique-mobility-and-transportation"],"acf":[],"_links":{"self":[{"href":"https:\/\/www.klimapaktfirbetriber.lu\/en\/wp-json\/wp\/v2\/cas-pratiques\/2874084","targetHints":{"allow":["GET"]}}],"collection":[{"href":"https:\/\/www.klimapaktfirbetriber.lu\/en\/wp-json\/wp\/v2\/cas-pratiques"}],"about":[{"href":"https:\/\/www.klimapaktfirbetriber.lu\/en\/wp-json\/wp\/v2\/types\/cas-pratiques"}],"version-history":[{"count":5,"href":"https:\/\/www.klimapaktfirbetriber.lu\/en\/wp-json\/wp\/v2\/cas-pratiques\/2874084\/revisions"}],"predecessor-version":[{"id":2889941,"href":"https:\/\/www.klimapaktfirbetriber.lu\/en\/wp-json\/wp\/v2\/cas-pratiques\/2874084\/revisions\/2889941"}],"wp:featuredmedia":[{"embeddable":true,"href":"https:\/\/www.klimapaktfirbetriber.lu\/en\/wp-json\/wp\/v2\/media\/2873990"}],"wp:attachment":[{"href":"https:\/\/www.klimapaktfirbetriber.lu\/en\/wp-json\/wp\/v2\/media?parent=2874084"}],"wp:term":[{"taxonomy":"thematique","embeddable":true,"href":"https:\/\/www.klimapaktfirbetriber.lu\/en\/wp-json\/wp\/v2\/thematique?post=2874084"}],"curies":[{"name":"wp","href":"https:\/\/api.w.org\/{rel}","templated":true}]}}

<p>Founded in 1976 in Foetz, Bamolux accelerates the electrification of its professional fleet in Luxembourg is a Luxembourg-based company specialising in interior design and fit-out. Under the leadership of Sébastien Jungen, the company places social and environmental responsibility at the core of its strategy.</p>



<p>This commitment is demonstrated through internationally recognised labels and certifications, including Certified B Corporation™, as well as various distinctions highlighting quality, governance and environmental management. Today, Bamolux employs around 70 people.</p>



<figure class="wp-block-embed is-type-video is-provider-youtube wp-block-embed-youtube wp-embed-aspect-16-9 wp-has-aspect-ratio"><div class="wp-block-embed__wrapper">
<iframe title="Bamolux : transition réussie vers la mobilité électrique" width="640" height="360" src="https://www.youtube.com/embed/xxqjRIqx6Mk?feature=oembed" frameborder="0" allow="accelerometer; autoplay; clipboard-write; encrypted-media; gyroscope; picture-in-picture; web-share" referrerpolicy="strict-origin-when-cross-origin" allowfullscreen></iframe>
</div></figure>



<div class="wp-block-group etape"><div class="wp-block-group__inner-container is-layout-flow wp-block-group-is-layout-flow">
<p></p>



<h2 class="wp-block-heading special" id="idee">Idea</h2>



<h3 class="wp-block-heading">Decarbonising business travel through full fleet electrification</h3>



<p>Bamolux has decided to progressively electrify its car and van fleet in order to reduce emissions linked to business travel and improve the overall efficiency of its operations.</p>
</div></div>



<div class="wp-block-group etape"><div class="wp-block-group__inner-container is-layout-flow wp-block-group-is-layout-flow">
<h2 class="wp-block-heading special" id="conception">Concept</h2>



<h3 class="wp-block-heading">Needs analysis and sizing of the electric fleet</h3>



<p>Electrification began as early as 2016 with the introduction of a first electric vehicle.</p>



<p>Several parameters were analysed to ensure appropriate sizing aligned with actual needs:</p>



<ul class="wp-block-list">
<li>number of required charging points,</li>



<li>types of vehicles (cars and vans),</li>



<li>daily routes and distances travelled,</li>



<li>user profiles (sales, technical staff, management),</li>



<li>potential use for external clients.</li>
</ul>



<p>An internal support process was also implemented. Employees were able to test the vehicles to reduce reluctance and encourage buy-in. This process also included an assessment of employees’ charging needs, which led to the installation of home charging points for some of them, financed by the company.</p>



<p>In parallel, the company gathered early information on available subsidies for:</p>



<ul class="wp-block-list">
<li>new zero-emission vehicles,</li>



<li>on-site charging infrastructure.</li>
</ul>



<p></p>
</div></div>



<div class="wp-block-group etape"><div class="wp-block-group__inner-container is-layout-flow wp-block-group-is-layout-flow">
<h2 class="wp-block-heading special" id="mise-oeuvre">Implementation</h2>



<h3 class="wp-block-heading">Deployment of the electric fleet and charging infrastructure</h3>



<p>The transition to electric mobility required organisational adjustments. Route planning was revised to integrate charging times and optimise vehicle usage.</p>



<p>Today, the fleet includes:</p>



<ul class="wp-block-list">
<li>20 vehicles for commercial and operational use,</li>



<li>7 charging points installed on-site,</li>



<li>several charging points installed at employees’ homes.</li>
</ul>



<p></p>
</div></div>



<div class="wp-block-group etape"><div class="wp-block-group__inner-container is-layout-flow wp-block-group-is-layout-flow">
<h2 class="wp-block-heading special" id="resultat">Results</h2>



<h3 class="wp-block-heading">Increased operational efficiency and reduced CO₂ emissions</h3>



<p>The electrification of the fleet has improved vehicle efficiency while significantly reducing its carbon footprint.</p>



<p>Today, electric vehicles already represent a substantial share of the company’s business travel. Each year, Bamolux covers nearly 464,000 kilometres electrically, representing almost half of all journeys.</p>



<p></p>
</div></div>
